NOAA Climate Reports

Select a Year or Month report
2018 > Jan Feb Mar Apr May Jun Jul Aug Sep Oct Nov Dec
2017 > Jan Feb Mar Apr May Jun Jul Aug Sep Oct Nov Dec
2016 > Jan Feb Mar Apr May Jun Jul Aug Sep Oct Nov Dec
2015 > Jan Feb Mar Apr May Jun Jul Aug Sep Oct Nov Dec

Report for 2018 Oct
                   Monthly Climatological Summary for Oct 2018

Name: Iwanui   City: Waitara, Taranaki.   State: New Zealand
Elevation: 19 m  Lat: S 39 00' 49"   Lon: E 174 25' 46"

                  Temperature (C), Rain (mm), Wind Speed (km/h)

                                      Heat  Cool        Avg
    Mean                              Deg   Deg         Wind                 Dom
Day Temp  High   Time   Low    Time   Days  Days  Rain  Speed High   Time    Dir
----------------------------------------------------------------------------------
 1  13.1  16.0   14:56  10.0   23:59   5.2   0.0  13.5   7.7  37.8   11:03     N
 2  13.7  18.8   14:03   9.7   00:17   4.6   0.0   1.8   7.2  33.1   13:11     W
 3  13.5  19.7   12:40   7.5   23:20   4.9   0.1   0.0   3.4  20.9   13:03    NW
 4  12.5  19.3   16:08   6.7   04:13   5.8   0.0   0.0   3.4  18.4   12:44    NW
 5  13.5  19.8   13:54   6.1   04:33   5.0   0.2   0.0   4.6  24.5   15:02     W
 6  15.6  22.3   15:14   9.1   06:44   3.5   0.8   0.0   3.5  18.4   11:13   WNW
 7  14.6  20.3   15:56   7.3   23:28   3.8   0.1   2.7   4.8  30.6   16:43     W
 8  14.0  20.8   17:36   7.5   23:53   4.7   0.5   0.0   5.4  18.4   15:50   WSW
 9  12.3  18.2   13:13   4.8   04:20   6.0   0.0   0.0   8.1  35.6   12:10     W
10  14.2  19.1   12:26  11.5   00:15   4.1   0.0   0.0   7.4  29.5   08:58   WNW
11  14.9  19.3   13:13  11.8   23:43   3.4   0.0   7.8  11.5  50.0   22:07   NNE
12  12.5  17.2   13:30   7.3   23:15   5.8   0.0   6.3  15.3  47.9   05:17   WSW
13   9.8  15.7   13:16   4.7   23:58   8.5   0.0   0.0  10.7  50.0   03:22   SSE
14  11.3  21.4   15:56   1.5   05:40   7.3   0.3   0.0   5.3  28.1   18:53     S
15  12.3  19.7   09:50   5.6   06:57   6.0   0.0   0.0   7.4  33.1   15:53   WSW
16  12.4  17.3   15:01   7.0   00:05   5.9   0.0   0.0   5.8  30.6   17:18     W
17  13.9  18.6   14:34   9.7   23:10   4.4   0.0   0.0  12.1  45.4   14:49   WSW
18  14.4  22.3   16:19   6.9   03:09   4.6   0.7   0.0   6.1  35.6   09:50    SW
19  14.7  22.0   11:28   5.6   06:29   4.6   1.0   0.0   4.3  20.9   13:46    NW
20  14.5  20.8   14:15   8.1   02:25   4.3   0.5   0.0   3.7  22.0   13:22   NNW
21  16.4  22.6   11:22   9.8   00:00   2.6   0.7   0.0   4.9  27.0   13:22     W
22  16.1  21.5   10:19  10.3   00:38   2.9   0.7   0.0   4.2  20.9   16:37     W
23  15.1  23.3   10:47   9.6   06:21   4.0   0.8   0.0   4.6  22.0   16:00     W
24  14.8  19.1   15:05  10.2   00:30   3.5   0.0   0.0   4.8  20.9   14:02   NNW
25  16.7  20.5   11:46  14.4   01:33   1.9   0.2   2.7   8.3  28.1   12:12    NW
26  15.1  21.3   09:19   9.4   23:24   3.6   0.4   0.3   5.5  27.0   17:30     W
27  13.0  15.8   20:13   7.9   04:26   5.3   0.0  16.5   8.7  43.9   17:14     N
28  14.8  19.2   15:59  11.5   06:48   3.6   0.0   1.5   6.3  23.4   10:10   WNW
29  14.1  20.9   14:56  10.4   05:11   4.4   0.2   5.7   5.5  30.6   10:51   NNE
30  13.3  21.2   09:28   9.9   02:59   5.1   0.1   8.4   4.8  30.6   20:13   SSW
31  14.5  21.2   12:20   9.8   05:06   4.1   0.3   0.3  10.5  36.7   15:45    SW
----------------------------------------------------------------------------------
    13.9  23.3    23     1.5    14   143.4   7.6  67.5   6.6  50.0    11       W

Max >=  27.0:  0
Max <=   0.0:  0
Min <=   0.0:  0
Min <= -18.0:  0
Max Rain: 16.5 on day 27
Days of Rain: 12 (>= 0.2 mm)  8 (>= 2.0 mm)  0 (>= 20.0 mm)
Heat Base: 18.3  Cool Base: 18.3  Method: Integration