NOAA Climate Reports

Select a Year or Month report
2018 > Jan Feb Mar Apr May Jun Jul Aug Sep Oct Nov Dec
2017 > Jan Feb Mar Apr May Jun Jul Aug Sep Oct Nov Dec
2016 > Jan Feb Mar Apr May Jun Jul Aug Sep Oct Nov Dec
2015 > Jan Feb Mar Apr May Jun Jul Aug Sep Oct Nov Dec

Report for 2018 Aug
                   Monthly Climatological Summary for Aug 2018

Name: Iwanui   City: Waitara, Taranaki.   State: New Zealand
Elevation: 19 m  Lat: S 39 00' 49"   Lon: E 174 25' 46"

                  Temperature (C), Rain (mm), Wind Speed (km/h)

                                      Heat  Cool        Avg
    Mean                              Deg   Deg         Wind                 Dom
Day Temp  High   Time   Low    Time   Days  Days  Rain  Speed High   Time    Dir
----------------------------------------------------------------------------------
 1  12.4  18.0   12:19   7.0   06:13   5.9   0.0   1.8   3.9  22.0   00:02     N
 2  12.0  16.6   14:11   7.8   04:30   6.3   0.0  12.0   7.4  29.5   13:41   NNE
 3  11.9  18.6   14:37   6.3   23:54   6.4   0.0   6.0   3.5  23.4   00:29   NNW
 4  11.3  19.5   15:08   5.6   02:11   7.1   0.0   0.3   4.8  20.9   11:06   SSE
 5  11.3  16.3   12:23   8.8   02:56   7.0   0.0   6.3   4.6  23.4   14:24   SSE
 6  13.1  19.4   16:21   8.4   20:42   5.3   0.0   2.4   4.8  22.0   09:35   NNE
 7  12.9  18.3   14:19   8.0   04:05   5.4   0.0   0.3   4.4  17.3   11:53   NNE
 8  13.1  14.4   10:15  10.8   19:57   5.2   0.0   9.6  12.0  43.9   18:04   NNE
 9  12.7  17.5   13:06   6.4   23:56   5.6   0.0   1.8   9.3  36.7   11:46   WSW
10  11.2  18.8   14:37   4.2   07:20   7.1   0.0   0.0   3.0  18.4   22:24     S
11  13.0  21.7   13:10   7.9   23:56   5.6   0.4   0.0   4.8  20.9   00:50     S
12  10.9  20.3   11:13   5.0   23:41   7.6   0.1   0.0   3.1  12.2   05:38    SW
13  10.2  16.4   13:00   3.9   02:16   8.1   0.0   1.2   8.4  40.3   20:32    NE
14  12.3  16.7   13:04  10.1   20:47   6.0   0.0  10.8  13.9  37.8   00:55   NNW
15  12.6  18.3   13:02   8.9   22:03   5.8   0.0   2.1   8.3  43.9   01:37    SW
16  13.5  17.3   10:44   9.6   05:40   4.8   0.0   4.8   9.1  41.8   23:27    NW
17  13.3  18.0   13:10   8.6   21:43   5.0   0.0   3.9   8.8  36.7   17:06     W
18  10.1  16.5   12:13   4.8   23:58   8.2   0.0   2.1   5.4  31.7   13:44   SSE
19   9.0  16.7   14:12   1.3   05:44   9.3   0.0   0.0   3.8  18.4   11:39   NNE
20  11.8  14.2   12:07  10.0   00:00   6.5   0.0  31.2  12.4  42.8   06:43   NNE
21  13.1  16.8   12:20  11.0   19:58   5.2   0.0   0.9  12.1  42.8   19:47   WNW
22  11.4  14.9   11:32   8.6   22:29   6.9   0.0   5.7   9.2  50.0   01:34     W
23  10.1  17.5   11:27   3.5   23:20   8.2   0.0   9.0   6.1  30.6   14:49    SW
24  10.6  18.6   10:16   2.1   01:41   7.8   0.0   0.0   5.0  25.6   13:06   WSW
25  12.7  17.9   12:48   8.9   00:02   5.6   0.0   0.0  10.4  50.0   13:43   WSW
26  10.6  19.2   14:16   3.6   06:57   7.7   0.0   0.0   3.4  28.1   14:55     W
27  12.4  17.4   10:12   7.0   00:00   5.9   0.0   0.3   3.2  20.9   11:04   NNW
28  12.7  18.1   15:30   7.5   04:15   5.6   0.0   0.3   5.1  28.1   22:32    NE
29  12.9  16.9   13:09   7.9   23:56   5.4   0.0   7.2  11.1  45.4   07:00    NE
30  12.8  22.2   13:58   6.9   06:34   5.8   0.4   0.3   3.6  15.8   15:04     S
31  11.9  20.4   13:55   4.9   06:17   6.5   0.1   0.0   1.9  15.8   13:15    SE
----------------------------------------------------------------------------------
    11.9  22.2    30     1.3    19   198.8   1.0 120.3   6.7  50.0    22      NW

Max >=  27.0:  0
Max <=   0.0:  0
Min <=   0.0:  0
Min <= -18.0:  0
Max Rain: 31.2 on day 20
Days of Rain: 23 (>= 0.2 mm)  14 (>= 2.0 mm)  1 (>= 20.0 mm)
Heat Base: 18.3  Cool Base: 18.3  Method: Integration