NOAA Climate Reports

Select a Year or Month report
2018 > Jan Feb Mar Apr May Jun Jul Aug Sep Oct Nov Dec
2017 > Jan Feb Mar Apr May Jun Jul Aug Sep Oct Nov Dec
2016 > Jan Feb Mar Apr May Jun Jul Aug Sep Oct Nov Dec
2015 > Jan Feb Mar Apr May Jun Jul Aug Sep Oct Nov Dec

Report for 2018 Jul
                   Monthly Climatological Summary for Jul 2018

Name: Iwanui   City: Waitara, Taranaki.   State: New Zealand
Elevation: 19 m  Lat: S 39 00' 49"   Lon: E 174 25' 46"

                  Temperature (C), Rain (mm), Wind Speed (km/h)

                                      Heat  Cool        Avg
    Mean                              Deg   Deg         Wind                 Dom
Day Temp  High   Time   Low    Time   Days  Days  Rain  Speed High   Time    Dir
----------------------------------------------------------------------------------
 1  12.3  14.3   18:14   9.1   00:00   6.0   0.0  44.4  12.5  49.0   15:38   NNW
 2  12.8  18.2   11:39   8.1   22:39   5.5   0.0   4.5   9.8  37.8   05:33     W
 3   9.6  15.9   13:48   4.9   23:50   8.7   0.0   0.3   6.1  28.1   01:02   SSE
 4   8.4  15.8   10:23   2.1   06:20  10.1   0.0   0.0   3.1  20.9   18:21     E
 5   8.4  18.3   15:31   2.9   07:29   9.9   0.0   0.0   3.1  17.3   10:31    SE
 6   9.3  17.4   14:16   1.5   06:38   9.0   0.0   0.0   3.0  17.3   12:34   NNW
 7  13.6  14.9   12:34  10.9   00:02   4.7   0.0   2.7  13.6  40.3   13:49   NNW
 8  14.3  15.7   12:22  11.7   18:34   4.0   0.0  19.8  20.7  63.7   17:48   NNW
 9  12.5  15.5   09:47   9.6   20:26   5.8   0.0  13.2  17.1  56.2   03:53    NW
10  10.0  17.6   14:18   4.8   22:31   8.3   0.0   6.6   7.2  46.4   08:24   WSW
11  10.4  18.0   10:08   4.1   07:21   7.9   0.0   2.4   4.5  30.6   11:35   WSW
12  11.5  19.5   16:05   5.9   23:53   6.8   0.0   0.3   3.8  20.9   13:08   WSW
13   9.2  15.8   13:46   4.2   06:53   9.1   0.0   0.0   3.1  20.9   12:58    NE
14  11.4  18.0   15:06   5.0   06:06   6.9   0.0   0.0   5.8  28.1   14:22   ENE
15  12.1  14.3   08:07  10.0   23:58   6.2   0.0  14.7   7.5  31.7   15:39     E
16  13.4  18.0   11:05   9.7   00:11   4.9   0.0   1.5   7.2  28.1   08:51   NNW
17  11.8  19.7   10:50   6.6   03:20   6.5   0.0   1.5   3.3  27.0   12:58     W
18  10.1  19.2   11:42   4.9   06:24   8.2   0.0   0.0   2.4  15.8   14:05     W
19   9.1  14.3   15:14   5.1   07:31   9.2   0.0   2.7   1.8  15.8   11:15    NE
20   9.1  17.9   12:27   3.4   05:23   9.2   0.0   0.3   2.3  24.5   14:24     W
21  12.3  14.4   12:00   7.1   00:51   6.0   0.0   5.7  12.3  45.4   17:37     N
22  12.8  17.5   12:43  10.6   19:30   5.5   0.0   6.0   7.7  39.2   00:00   WNW
23  10.5  17.2   10:04   5.1   23:36   7.8   0.0   3.3   5.5  34.2   01:23     W
24   8.3  15.1   15:32   3.4   04:34  10.0   0.0   2.7   2.3  18.4   11:36    NE
25   9.4  16.4   12:36   3.5   04:48   8.8   0.0   2.4   2.6  15.8   10:37     N
26  12.9  17.6   14:18   8.3   23:47   5.4   0.0   0.6   9.4  35.6   13:17   WSW
27  10.8  18.4   13:28   5.2   07:25   7.8   0.0   4.5   4.2  28.1   21:51     W
28  12.7  18.1   12:51   8.0   04:37   5.6   0.0   1.8   6.4  29.5   11:06     W
29  12.6  17.2   13:08  10.0   02:41   5.7   0.0   4.2  10.0  35.6   15:39     W
30  10.4  19.2   15:25   4.2   07:16   7.9   0.0   0.3   2.7  22.0   01:08     S
31  10.0  13.7   11:13   4.5   01:23   8.3   0.0  17.1   7.6  30.6   14:41    NE
----------------------------------------------------------------------------------
    11.0  19.7    17     1.5     6   225.7   0.0 163.5   6.7  63.7     8      NW

Max >=  27.0:  0
Max <=   0.0:  0
Min <=   0.0:  0
Min <= -18.0:  0
Max Rain: 44.4 on day 1
Days of Rain: 25 (>= 0.2 mm)  17 (>= 2.0 mm)  1 (>= 20.0 mm)
Heat Base: 18.3  Cool Base: 18.3  Method: Integration