NOAA Climate Reports

Select a Year or Month report
2018 > Jan Feb Mar Apr May Jun Jul Aug Sep Oct Nov Dec
2017 > Jan Feb Mar Apr May Jun Jul Aug Sep Oct Nov Dec
2016 > Jan Feb Mar Apr May Jun Jul Aug Sep Oct Nov Dec
2015 > Jan Feb Mar Apr May Jun Jul Aug Sep Oct Nov Dec

Report for 2018 Jun
                   Monthly Climatological Summary for Jun 2018

Name: Iwanui   City: Waitara, Taranaki.   State: New Zealand
Elevation: 19 m  Lat: S 39 00' 49"   Lon: E 174 25' 46"

                  Temperature (C), Rain (mm), Wind Speed (km/h)

                                      Heat  Cool        Avg
    Mean                              Deg   Deg         Wind                 Dom
Day Temp  High   Time   Low    Time   Days  Days  Rain  Speed High   Time    Dir
----------------------------------------------------------------------------------
 1   9.8  17.6   15:30   4.2   07:17   8.5   0.0   0.0   5.2  17.3   00:42    SE
 2  10.8  17.7   14:14   6.7   03:10   7.5   0.0   0.0   4.3  18.4   12:09    SE
 3  11.3  12.9   11:50   9.5   00:50   7.0   0.0   6.6   5.2  19.4   03:42    SE
 4  13.4  19.8   12:26  10.0   02:00   5.0   0.0   0.3   5.8  27.0   22:33   SSE
 5  13.6  18.2   13:19   9.5   20:37   4.7   0.0   0.0   9.7  40.3   12:44     S
 6   9.5  15.7   10:52   5.6   06:51   8.8   0.0   2.4   7.4  39.2   18:08   SSE
 7   9.4  15.8   11:39   2.9   07:21   8.9   0.0   0.0   5.3  29.5   14:08     S
 8  11.3  16.8   11:54   6.1   23:54   7.0   0.0   0.0   8.8  35.6   06:46   SSE
 9   9.4  19.1   12:05   3.4   06:49   8.9   0.0   0.0   2.9  13.3   02:11    SE
10  11.1  16.3   13:45   8.9   06:42   7.2   0.0   0.3   1.8  17.3   23:45    SE
11  11.3  15.2   12:41   7.3   04:20   7.0   0.0   0.9  10.0  37.8   14:44   SSE
12  13.7  17.6   13:09  11.9   00:00   4.6   0.0   1.2  18.1  63.7   11:21   SSE
13  13.3  16.9   13:25  11.4   23:07   5.0   0.0   1.2   5.0  37.8   11:35     W
14  13.5  18.8   13:27   7.1   22:18   4.8   0.0   0.3   7.4  36.7   15:21   WSW
15  12.1  18.5   10:36   5.6   07:08   6.3   0.0   1.8   4.0  22.0   19:14     N
16  15.5  19.6   10:55  13.3   23:47   2.9   0.1   4.5   6.3  33.1   22:04    NW
17  14.4  19.8   12:59   9.6   19:39   4.1   0.2   2.1   6.0  33.1   03:55     W
18  13.0  17.8   14:29   9.4   10:01   5.2   0.0  71.4   9.3  54.0   13:43     N
19  12.2  17.4   12:19   9.6   02:38   6.1   0.0   0.9   7.2  30.6   14:06   SSE
20  10.1  15.7   12:33   7.3   23:52   8.1   0.0   0.0  11.4  36.7   12:04   SSE
21   8.6  14.4   13:46   6.0   23:36   9.7   0.0   0.0   9.1  30.6   03:06   SSE
22   8.1  17.1   15:13   4.0   05:32  10.2   0.0   0.0   4.3  24.5   12:44   SSE
23   9.7  16.5   14:12   6.2   00:23   8.6   0.0   1.2   2.9  23.4   15:10   WNW
24  12.9  17.3   13:16   6.3   00:27   5.3   0.0   9.9  10.5  36.7   09:28   WNW
25  10.4  17.0   11:56   6.0   23:24   7.9   0.0   7.5   8.2  42.8   16:04   WSW
26   7.2  11.5   14:29   2.5   23:37  11.1   0.0   6.3   5.5  35.6   07:01   SSW
27   6.9  17.6   14:28  -0.5   04:32  11.4   0.0   0.0   1.7  14.8   00:12     E
28   8.9  16.3   14:55   3.6   00:01   9.4   0.0   0.0   2.5  14.8   22:05     E
29   8.1  17.4   12:30   2.2   23:45  10.2   0.0   0.3   3.5  23.4   12:32   SSE
30   7.3  16.3   16:09   0.4   07:39  11.0   0.0   0.3   2.2  13.3   11:44   ESE
----------------------------------------------------------------------------------
    10.9  19.8     4    -0.5    27   222.4   0.3 119.4   6.4  63.7    12       S

Max >=  27.0:  0
Max <=   0.0:  0
Min <=   0.0:  1
Min <= -18.0:  0
Max Rain: 71.4 on day 18
Days of Rain: 19 (>= 0.2 mm)  8 (>= 2.0 mm)  1 (>= 20.0 mm)
Heat Base: 18.3  Cool Base: 18.3  Method: Integration