NOAA Climate Reports

Select a Year or Month report
2018 > Jan Feb Mar Apr May Jun Jul Aug Sep Oct Nov Dec
2017 > Jan Feb Mar Apr May Jun Jul Aug Sep Oct Nov Dec
2016 > Jan Feb Mar Apr May Jun Jul Aug Sep Oct Nov Dec
2015 > Jan Feb Mar Apr May Jun Jul Aug Sep Oct Nov Dec

Report for 2018 May
                   Monthly Climatological Summary for May 2018

Name: Iwanui   City: Waitara, Taranaki.   State: New Zealand
Elevation: 19 m  Lat: S 39 00' 49"   Lon: E 174 25' 46"

                  Temperature (C), Rain (mm), Wind Speed (km/h)

                                      Heat  Cool        Avg
    Mean                              Deg   Deg         Wind                 Dom
Day Temp  High   Time   Low    Time   Days  Days  Rain  Speed High   Time    Dir
----------------------------------------------------------------------------------
 1  16.2  21.5   13:22  12.4   23:30   2.7   0.5   0.0   8.3  34.2   08:58   SSE
 2  14.7  20.5   12:42   9.4   23:43   3.8   0.2   0.0  10.8  45.4   10:51   SSE
 3  12.6  21.0   12:59   5.3   05:38   6.1   0.4   0.0   4.3  19.4   08:53   SSE
 4  12.4  21.1   14:32   6.4   06:11   6.2   0.3   0.0   2.7  13.3   12:11    SE
 5  15.6  19.7   15:41   8.1   00:00   2.7   0.1   0.0   6.1  33.1   23:13   NNW
 6  17.1  20.7   12:41  13.2   07:37   1.8   0.6  13.2   9.9  36.7   03:24   WNW
 7  16.1  21.7   11:55  11.9   23:07   2.7   0.5   0.0   8.5  41.8   13:21   WSW
 8  15.2  21.0   13:56   7.5   03:43   3.6   0.5   0.0   6.3  33.1   11:27   WSW
 9  16.4  23.3   10:31   9.9   22:50   3.0   1.1   0.9   4.7  27.0   14:05     W
10  14.5  19.8   11:54   8.6   02:56   3.8   0.1   0.0   3.4  17.3   12:07    NE
11  16.8  18.2   16:13  15.7   02:38   1.5   0.0   5.7  12.3  41.8   14:35   NNE
12  16.3  18.3   16:04  14.8   21:37   2.0   0.0  11.1   3.0  18.4   14:09    SE
13  17.7  22.2   12:57  14.2   03:00   1.3   0.7  20.1   7.1  36.7   05:52   NNE
14  16.9  23.2   14:15  14.1   07:08   1.7   0.5  38.1   6.6  28.1   10:49   SSE
15  15.9  18.3   16:14  13.9   06:41   2.4   0.0  18.0   6.4  34.2   23:12    NE
16  17.5  20.7   12:19  13.6   23:49   1.1   0.3   5.1  13.1  43.9   11:12    NW
17  12.8  18.3   09:49   8.6   21:58   5.5   0.0   1.8   5.1  35.6   11:44   WSW
18  15.3  19.8   14:05  10.0   00:00   3.1   0.1   2.7   9.6  37.8   04:11     W
19  14.9  18.8   11:55   8.6   23:08   3.4   0.0  12.9   9.9  39.2   06:18   WNW
20  13.9  19.3   13:07   7.3   03:12   4.5   0.0   0.6   8.4  36.7   23:24   WNW
21  15.1  19.7   14:07   9.6   22:23   3.2   0.0   3.0   9.0  43.9   04:37   WNW
22  14.7  20.3   12:56   9.2   04:21   3.8   0.2  13.8  10.4  54.0   20:12    NW
23  10.7  17.3   10:25   5.8   20:01   7.6   0.0   6.3   6.5  50.0   01:09     W
24  12.2  17.9   14:32   5.3   01:51   6.1   0.0  11.7  10.3  46.4   14:01     W
25  11.4  16.9   13:51   7.5   18:26   6.9   0.0  11.1   9.2  63.7   02:25     W
26  11.9  19.1   13:59   6.7   05:43   6.4   0.0   0.3   6.1  36.7   01:44   SSW
27  12.2  18.0   14:21   8.3   23:59   6.1   0.0   3.3   8.4  39.2   04:36    SW
28   8.9  12.7   13:34   6.8   04:46   9.4   0.0   0.3  10.7  55.1   21:37   SSE
29   9.6  15.2   14:16   7.1   23:58   8.7   0.0   0.0   9.6  41.8   11:15   SSE
30   8.7  15.8   13:38   2.3   07:37   9.6   0.0   0.0   3.8  25.6   13:16   SSE
31   8.4  16.5   13:00   2.2   02:56   9.9   0.0   0.0   4.1  19.4   14:09   SSE
----------------------------------------------------------------------------------
    14.0  23.3     9     2.2    31   140.6   6.1 180.0   7.6  63.7    25       W

Max >=  27.0:  0
Max <=   0.0:  0
Min <=   0.0:  0
Min <= -18.0:  0
Max Rain: 38.1 on day 14
Days of Rain: 20 (>= 0.2 mm)  15 (>= 2.0 mm)  2 (>= 20.0 mm)
Heat Base: 18.3  Cool Base: 18.3  Method: Integration