NOAA Climate Reports

Select a Year or Month report
2018 > Jan Feb Mar Apr May Jun Jul Aug Sep Oct Nov Dec
2017 > Jan Feb Mar Apr May Jun Jul Aug Sep Oct Nov Dec
2016 > Jan Feb Mar Apr May Jun Jul Aug Sep Oct Nov Dec
2015 > Jan Feb Mar Apr May Jun Jul Aug Sep Oct Nov Dec

Report for 2018 Mar
                   Monthly Climatological Summary for Mar 2018

Name: Iwanui   City: Waitara, Taranaki.   State: New Zealand
Elevation: 19 m  Lat: S 39 00' 49"   Lon: E 174 25' 46"

                  Temperature (C), Rain (mm), Wind Speed (km/h)

                                      Heat  Cool        Avg
    Mean                              Deg   Deg         Wind                 Dom
Day Temp  High   Time   Low    Time   Days  Days  Rain  Speed High   Time    Dir
----------------------------------------------------------------------------------
 1  21.4  27.4   16:14  16.2   07:32   0.4   3.5   0.0   6.0  23.4   20:24    NE
 2  22.4  29.3   15:47  18.5   06:57   0.0   4.1   0.0   5.7  24.5   11:41    NE
 3  22.1  28.3   16:48  17.2   05:25   0.1   3.9   0.0   7.3  27.0   22:48   NNE
 4  22.0  30.0   17:54  15.2   06:44   0.6   4.4   0.0   4.6  24.5   00:46    NE
 5  21.8  29.1   14:50  15.7   05:23   0.6   4.1   0.0   4.8  27.0   16:44   WSW
 6  20.9  26.6   13:31  16.9   01:44   0.3   2.8   0.0   3.1  20.9   14:43     W
 7  17.8  24.4   14:25  15.2   23:43   1.0   0.5  47.4   8.6  36.7   19:07   SSE
 8  17.6  22.5   12:59  15.0   01:59   1.5   0.8  19.2  14.6  51.5   05:21   SSE
 9  17.6  21.9   16:46  14.8   06:52   1.5   0.8   0.0  14.4  50.0   08:56   SSE
10  17.5  25.8   15:16  11.9   07:22   2.5   1.7   0.0   9.6  39.2   00:11   SSE
11  17.7  25.1   15:20  11.1   07:06   2.6   2.0   0.0   5.9  20.9   00:10     S
12  16.7  25.6   12:02  10.0   05:11   2.8   1.2   0.0   3.0  15.8   11:19     S
13  17.8  23.4   17:09  12.0   04:26   1.7   1.3   0.0   8.0  40.3   12:46   WSW
14  19.1  25.7   13:12  12.7   04:37   1.4   2.2   0.0   7.5  31.7   17:02   WSW
15  17.6  24.1   13:33  11.1   03:02   2.3   1.6   0.0   4.6  24.5   13:13   WNW
16  20.0  25.0   13:57  17.0   02:53   0.2   1.9   3.0   9.8  34.2   12:22   WNW
17  19.1  25.4   12:54  15.2   03:39   1.1   1.8   0.0   5.2  23.4   08:40   SSE
18  19.6  26.8   15:59  15.1   07:11   0.9   2.1   0.0   2.9  19.4   17:50     N
19  19.2  28.3   15:15  12.1   03:38   1.6   2.5   0.0   3.1  15.8   22:59   SSE
20  20.0  27.1   15:07  13.7   07:26   1.2   2.9   0.0   3.4  17.3   11:59    NW
21  18.0  20.6   17:57  15.2   01:47   0.7   0.4   1.8   2.0  14.8   07:20    NE
22  17.9  20.6   10:27  15.2   21:17   0.6   0.2   9.3   4.6  24.5   09:31   NNE
23  17.6  23.5   13:11  14.6   19:08   1.8   1.1  30.0   6.5  37.8   16:31    NE
24  17.8  20.5   14:36  15.1   23:07   0.9   0.3  11.4   9.4  36.7   15:51   NNE
25  18.3  25.4   10:37  11.9   07:38   2.3   2.3   0.3   2.5  19.4   13:13    NW
26  17.3  24.3   15:39  10.0   06:13   2.9   1.9   0.0   2.3  14.8   11:34     N
27  19.8  24.3   15:50  14.8   03:15   0.5   2.0   0.0   6.6  30.6   13:55     N
28  20.0  22.4   13:53  18.5   20:55   0.0   1.7   8.1   8.4  27.0   11:19   NNW
29  18.5  25.3   11:51  15.2   22:47   0.7   0.9   1.5   2.3  14.8   00:00   WNW
30  17.5  24.3   17:03  11.1   05:28   2.6   1.8   0.0   3.1  17.3   13:24   WNW
31  17.3  22.9   09:37  11.7   03:32   2.0   1.1   4.8   5.8  35.6   19:52     W
----------------------------------------------------------------------------------
    19.0  30.0     4    10.0    12    39.3  59.8 136.8   6.0  51.5     8     WNW

Max >=  27.0:  7
Max <=   0.0:  0
Min <=   0.0:  0
Min <= -18.0:  0
Max Rain: 47.4 on day 7
Days of Rain: 11 (>= 0.2 mm)  8 (>= 2.0 mm)  2 (>= 20.0 mm)
Heat Base: 18.3  Cool Base: 18.3  Method: Integration