NOAA Climate Reports

Select a Year or Month report
2018 > Jan Feb Mar Apr May Jun Jul Aug Sep Oct Nov Dec
2017 > Jan Feb Mar Apr May Jun Jul Aug Sep Oct Nov Dec
2016 > Jan Feb Mar Apr May Jun Jul Aug Sep Oct Nov Dec
2015 > Jan Feb Mar Apr May Jun Jul Aug Sep Oct Nov Dec

Report for 2018 Jan
                   Monthly Climatological Summary for Jan 2018

Name: Iwanui   City: Waitara, Taranaki.   State: New Zealand
Elevation: 19 m  Lat: S 39 00' 49"   Lon: E 174 25' 46"

                  Temperature (C), Rain (mm), Wind Speed (km/h)

                                      Heat  Cool        Avg
    Mean                              Deg   Deg         Wind                 Dom
Day Temp  High   Time   Low    Time   Days  Days  Rain  Speed High   Time    Dir
----------------------------------------------------------------------------------
 1  18.7  20.7   15:34  17.2   05:46   0.3   0.6   7.8   9.0  29.5   14:37    NE
 2  20.6  25.9   17:14  18.3   03:18   0.0   2.3   8.4   6.3  24.5   01:52   NNE
 3  22.7  31.8   15:40  16.8   02:34   0.3   4.6   0.3   3.6  18.4   15:43    NW
 4  20.5  25.2   13:25  18.1   23:22   0.0   2.2  22.8   7.0  31.7   22:53   ENE
 5  19.6  22.3   15:49  17.0   21:42   0.1   1.4  55.2  10.8  45.4   08:09     E
 6  20.6  25.8   16:21  14.9   23:57   0.3   2.6  10.2   7.1  33.1   02:21     W
 7  18.6  25.7   14:45  12.1   05:50   1.9   2.1   0.0   9.3  33.1   14:54    SW
 8  20.6  25.8   13:11  14.1   06:01   0.8   3.1   0.0   6.5  34.2   18:09     W
 9  20.4  24.6   15:58  15.7   00:49   0.2   2.3   0.0   6.3  23.4   15:01    NW
10  20.7  25.7   16:06  19.1   01:17   0.0   2.4   2.4   7.2  28.1   15:46   WNW
11  21.3  25.8   14:52  18.0   02:48   0.0   3.0   0.0   4.6  20.9   13:44    NW
12  21.7  25.8   15:01  17.7   05:26   0.0   3.5   0.0   5.2  27.0   14:03     N
13  23.0  27.5   18:18  19.2   04:31   0.0   4.7   0.0   6.9  27.0   10:47     N
14  23.6  29.5   16:03  17.4   06:21   0.0   5.4   0.0   4.6  19.4   09:36   NNE
15  23.8  30.4   15:10  17.4   06:42   0.0   5.5   0.0   5.4  30.6   23:42   NNE
16  22.6  27.1   14:22  19.3   02:27   0.0   4.3   0.0  12.9  39.2   17:59    NE
17  20.8  24.4   14:14  17.8   05:02   0.0   2.5  12.6  15.6  41.8   00:01    NE
18  19.7  21.3   18:37  18.3   00:00   0.0   1.4  37.2  14.0  40.3   00:50   NNE
19  21.3  25.7   17:31  18.6   06:28   0.0   3.0   0.9   4.8  22.0   00:00    NE
20  22.4  26.7   17:26  18.6   23:46   0.0   4.1   0.3   5.3  20.9   15:12     N
21  22.2  26.7   16:37  18.2   00:25   0.0   3.9   0.0   2.9  19.4   11:19     N
22  20.9  22.8   18:43  19.3   08:27   0.0   2.6  13.8   5.4  24.5   11:59     N
23  23.2  27.1   11:13  18.9   23:58   0.0   4.9   0.3   7.1  30.6   18:23   WNW
24  22.0  26.6   15:32  16.1   05:18   0.3   4.1   0.0   8.8  39.2   15:10     W
25  21.8  27.2   13:48  16.0   05:12   0.3   3.8   0.0   7.5  36.7   17:20     W
26  25.1  31.6   18:07  19.6   06:35   0.0   6.9   0.0   5.4  31.7   23:03   SSW
27  24.2  30.6   11:49  19.5   06:35   0.0   5.9   0.0   5.7  20.9   15:10   SSW
28  24.4  30.6   19:19  18.2   06:15   0.0   6.1   0.0   5.6  24.5   15:27   WSW
29  24.2  30.8   09:23  18.4   06:27   0.0   5.9   0.0   4.9  27.0   16:07     W
30  23.9  30.1   16:10  17.6   06:44   0.0   5.6   0.0   3.9  20.9   14:57    NW
31  23.5  28.1   16:13  20.6   06:22   0.0   5.2   0.0  10.2  37.8   21:26   NNE
----------------------------------------------------------------------------------
    21.9  31.8     3    12.1     7     4.5 115.9 172.2   7.1  45.4     5     NNW

Max >=  27.0: 13
Max <=   0.0:  0
Min <=   0.0:  0
Min <= -18.0:  0
Max Rain: 55.2 on day 5
Days of Rain: 13 (>= 0.2 mm)  9 (>= 2.0 mm)  3 (>= 20.0 mm)
Heat Base: 18.3  Cool Base: 18.3  Method: Integration