NOAA Climate Reports

Select a Year or Month report
2018 > Jan Feb Mar Apr May Jun Jul Aug Sep Oct Nov Dec
2017 > Jan Feb Mar Apr May Jun Jul Aug Sep Oct Nov Dec
2016 > Jan Feb Mar Apr May Jun Jul Aug Sep Oct Nov Dec
2015 > Jan Feb Mar Apr May Jun Jul Aug Sep Oct Nov Dec

Report for 2018
                   Annual Climatological Summary for 2018

Name: Iwanui   City: Waitara, Taranaki.   State: New Zealand
Elevation: 19 m  Lat: S 39 00' 49"   Lon: E 174 25' 46"

                  Temperature (C), Heat Base: 18.3  Cool Base: 18.3
                          Dep.  Heat  Cool                       Max  Max  Min  Min
        Mean  Mean        From  Deg   Deg                        >=   <=   <=   <=
 YR MO  Max   Min   Mean  Norm  Days  Days  Hi  Date  Low  Date 27.0  0.0  0.0 -18.0
------------------------------------------------------------------------------------
 18  1  26.8  17.7  21.9   0.0     4   115  31.8   3  12.1    7   13    0    0    0
 18  2  25.9  15.5  20.4   0.0    21    81  29.0  19  10.5    4    6    0    0    0
 18  3  25.0  14.2  19.0   0.0    39    59  30.0   4  10.0   12    7    0    0    0
 18  4  21.8  11.0  16.2   0.0    85    21  25.8   5   4.8   12    0    0    0    0
 18  5  19.3   9.2  14.0   0.0   140     6  23.3   9   2.2   31    0    0    0    0
 18  6  17.0   6.5  10.9   0.0   222     0  19.8   4  -0.5   27    0    0    1    0
 18  7  16.9   6.3  11.0   0.0   225     0  19.7  17   1.5    6    0    0    0    0
 18  8  17.9   6.9  11.9   0.0   198     1  22.2  30   1.3   19    0    0    0    0
 18  9  18.4   7.8  12.6   0.0   174     3  25.4  19   2.2   10    0    0    0    0
 18 10  19.8   8.4  13.9   0.0   143     7  23.3  23   1.5   14    0    0    0    0
 18 11  21.2  10.3  16.0   0.0    90    20  28.0  28   3.7   20    2    0    0    0
 18 12  23.6  13.1  18.1   0.0    18    16  28.1   2   9.8    8    1    0    0    0
------------------------------------------------------------------------------------
        21.1  10.6  15.5   0.0  1366   334  31.8 Jan  -0.5  Jun   29    0    1    0

                                Precipitation (mm)

              Dep.   Max        Days of Rain
              From   Obs.           >=
 YR MO Total  Norm   Day Date  0.2  2.0 20.0
---------------------------------------------
 18  1 172.2   0.0  55.2   5    13    9    3
 18  2  97.8   0.0  25.2  11    19   10    2
 18  3 136.8   0.0  47.4   7    11    8    2
 18  4  75.0   0.0  16.8  16    18    9    0
 18  5 180.0   0.0  38.1  14    20   15    2
 18  6 119.4   0.0  71.4  18    19    8    1
 18  7 163.5   0.0  44.4   1    25   17    1
 18  8 120.3   0.0  31.2  20    23   14    1
 18  9  39.3   0.0   8.7  24    11    7    0
 18 10  67.5   0.0  16.5  27    12    8    0
 18 11  69.0   0.0  11.7   9    17   10    0
 18 12  33.6   0.0  11.1   6     7    5    0
---------------------------------------------
      1274.4   0.0  71.4  Jun  195  120   12

                                Wind Speed (km/h)
                          Dom
 YR MO   Avg.  Hi   Date  Dir
------------------------------
 18  1   7.1  45.4    5     N
 18  2   7.3  80.6   20    NW
 18  3   6.0  51.5    8   SSW
 18  4   7.0  63.7   10     W
 18  5   7.6  63.7   25   WSW
 18  6   6.4  63.7   12     S
 18  7   6.7  63.7    8    NW
 18  8   6.7  50.0   22    NW
 18  9   8.9  64.8    7   SSW
 18 10   6.6  50.0   11   WNW
 18 11   7.0  66.2    1   WNW
 18 12   7.4  50.0    5   WNW
------------------------------
         7.1  80.6  Feb     W