NOAA Climate Reports

Select a Year or Month report
2018 > Jan Feb Mar Apr May Jun Jul Aug Sep Oct Nov Dec
2017 > Jan Feb Mar Apr May Jun Jul Aug Sep Oct Nov Dec
2016 > Jan Feb Mar Apr May Jun Jul Aug Sep Oct Nov Dec
2015 > Jan Feb Mar Apr May Jun Jul Aug Sep Oct Nov Dec

Report for 2017 Dec
                   Monthly Climatological Summary for Dec 2017

Name: Iwanui   City: Waitara, Taranaki.   State: New Zealand
Elevation: 19 m  Lat: S 39 00' 49"   Lon: E 174 25' 46"

                  Temperature (C), Rain (mm), Wind Speed (km/h)

                                      Heat  Cool        Avg
    Mean                              Deg   Deg         Wind                 Dom
Day Temp  High   Time   Low    Time   Days  Days  Rain  Speed High   Time    Dir
----------------------------------------------------------------------------------
 1  19.9  25.4   16:22  15.2   00:50   1.1   2.6   0.0   4.4  20.9   15:58   NNW
 2  19.6  25.3   15:45  14.1   04:16   1.1   2.4   0.0   4.9  28.1   17:58   WNW
 3  19.0  25.5   16:35  11.8   04:53   1.9   2.6   0.0   5.0  24.5   14:15   WNW
 4  20.2  26.9   09:31  12.6   06:01   1.6   3.5   0.0   5.0  27.0   17:07     W
 5  19.4  25.8   10:17  11.9   05:59   1.8   2.9   0.0   5.5  33.1   18:03     W
 6  21.3  27.6   16:27  13.7   02:59   0.9   3.9   0.0   4.9  24.5   14:33     W
 7  21.3  26.7   15:05  15.8   05:59   0.2   3.3   0.0   5.6  22.0   19:12    NW
 8  20.5  25.0   11:35  15.8   01:25   0.3   2.4   0.0   2.8  19.4   11:49   NNW
 9  21.1  25.3   17:46  18.0   22:02   0.0   2.8   0.0   6.9  27.0   09:28   NNW
10  21.4  25.1   15:27  18.1   00:01   0.0   3.1   1.2   8.4  27.0   10:15    NW
11  21.0  25.1   16:51  16.4   23:56   0.2   2.8  11.7   7.8  30.6   14:27   WNW
12  20.0  25.5   08:19  13.4   05:51   1.0   2.8   0.0   9.4  41.8   15:23     W
13  18.7  24.2   09:23  11.8   05:25   1.6   1.9   1.5   9.6  46.4   14:30     W
14  20.3  27.3   17:05  14.0   05:11   1.1   3.1   0.3   6.9  31.7   11:42   SSE
15  18.4  25.3   17:29  11.4   04:15   1.8   1.9   4.8   4.9  23.4   11:46   NNW
16  19.7  25.6   14:48  15.2   00:44   0.9   2.3   0.0   5.4  34.2   16:10   WNW
17  20.3  25.8   13:55  13.2   05:23   1.1   3.2   0.0   6.7  28.1   17:17   WNW
18  20.7  26.9   14:42  15.2   23:47   0.2   2.6   6.6   7.9  30.6   16:36   SSW
19  18.8  24.4   09:08  13.5   06:20   1.2   1.8   0.3   9.9  42.8   15:48     W
20  19.1  24.7   15:50  13.8   23:51   1.1   1.8   0.6  10.7  41.8   04:12     S
21  18.6  24.6   09:52  11.3   06:01   1.8   2.1   0.0   7.5  34.2   15:32     W
22  21.8  29.1   14:30  17.5   04:20   0.1   3.6   1.5   7.2  31.7   16:24   SSE
23  20.9  26.8   18:35  16.2   06:05   0.3   2.8   0.0   3.8  18.4   00:06     N
24  20.5  25.7   16:16  15.9   23:58   0.2   2.5   3.6   6.3  23.4   11:01     N
25  20.6  25.8   15:25  15.2   00:23   0.3   2.6   0.6   7.7  28.1   13:37     N
26  19.5  24.1   15:52  13.6   23:51   0.5   1.7   3.3   7.8  34.2   16:14     W
27  17.2  23.2   14:54  12.6   06:12   2.4   1.3   0.0  10.1  39.2   13:40   SSE
28  16.8  21.9   16:41  11.4   06:12   2.4   0.9   0.0  10.7  47.9   16:00   SSE
29  18.0  23.8   13:52  13.7   02:58   1.8   1.5   0.0  13.8  47.9   05:17   SSE
30  19.6  27.0   17:41  12.8   06:14   1.7   2.9   0.0   8.6  33.1   15:28   WSW
31  16.9  20.9   11:57  10.7   05:35   1.9   0.5   2.4   4.6  22.0   11:24   NNE
----------------------------------------------------------------------------------
    19.7  29.1    22    10.7    31    32.5  76.1  38.4   7.1  47.9    28       W

Max >=  27.0:  4
Max <=   0.0:  0
Min <=   0.0:  0
Min <= -18.0:  0
Max Rain: 11.7 on day 11
Days of Rain: 13 (>= 0.2 mm)  6 (>= 2.0 mm)  0 (>= 20.0 mm)
Heat Base: 18.3  Cool Base: 18.3  Method: Integration