NOAA Climate Reports

Select a Year or Month report
2018 > Jan Feb Mar Apr May Jun Jul Aug Sep Oct Nov Dec
2017 > Jan Feb Mar Apr May Jun Jul Aug Sep Oct Nov Dec
2016 > Jan Feb Mar Apr May Jun Jul Aug Sep Oct Nov Dec
2015 > Jan Feb Mar Apr May Jun Jul Aug Sep Oct Nov Dec

Report for 2017 Nov
                   Monthly Climatological Summary for Nov 2017

Name: Iwanui   City: Waitara, Taranaki.   State: New Zealand
Elevation: 19 m  Lat: S 39 00' 49"   Lon: E 174 25' 46"

                  Temperature (C), Rain (mm), Wind Speed (km/h)

                                      Heat  Cool        Avg
    Mean                              Deg   Deg         Wind                 Dom
Day Temp  High   Time   Low    Time   Days  Days  Rain  Speed High   Time    Dir
----------------------------------------------------------------------------------
 1  17.9  22.8   15:37  13.6   06:05   1.5   1.1   0.0   7.1  24.5   12:15   NNE
 2  17.7  21.7   14:53  14.0   06:04   1.4   0.8   0.0   8.9  25.6   20:18   NNE
 3  16.0  16.9   15:21  14.7   05:04   2.3   0.0  38.4  12.0  33.1   16:08   NNE
 4  17.4  21.0   14:51  15.8   05:31   1.2   0.3   3.6   7.1  23.4   16:41    NW
 5  16.4  21.0   13:54  12.0   06:22   2.0   0.2   0.0   7.1  27.0   15:12   WNW
 6  14.9  19.1   08:11   8.9   23:40   3.4   0.0   1.2   9.3  42.8   13:04     W
 7  14.1  19.2   14:49   4.9   05:30   4.2   0.0   0.0  10.8  47.9   21:25     N
 8  15.9  19.1   12:42  11.3   21:42   2.5   0.0  20.1  16.2  57.6   04:29   WNW
 9  14.7  20.2   10:54   6.2   05:23   3.8   0.2   0.0   8.3  34.2   12:55     W
10  16.7  24.6   16:37   9.4   05:48   2.6   1.1   0.0   6.2  27.0   19:53   SSW
11  15.5  21.9   12:39  10.9   06:00   3.3   0.5   0.0   8.4  33.1   11:50   SSE
12  14.6  20.8   15:09   9.5   05:24   4.1   0.3   0.0   8.1  42.8   08:38   SSE
13  15.0  22.7   16:37   8.5   05:48   3.9   0.6   0.0   6.4  28.1   17:34   SSE
14  15.7  23.4   16:27   8.5   06:24   3.6   1.0   0.0   6.5  27.0   13:08   SSE
15  16.2  21.8   15:52  10.3   05:47   3.0   1.0   0.0   5.8  23.4   00:10   WNW
16  15.3  21.3   17:51  10.7   05:52   3.4   0.5   5.7   3.2  18.4   15:56   NNW
17  16.6  25.9   18:03   8.0   06:30   3.2   1.4   0.3   6.2  30.6   14:01    SW
18  17.7  23.7   14:16  12.4   23:46   2.2   1.6   0.0  11.5  46.4   14:46   SSE
19  16.5  24.9   14:31  11.1   03:47   2.9   1.2   0.0  12.8  39.2   01:50   SSE
20  17.5  24.1   12:57  11.6   05:13   2.5   1.6   0.0  12.0  39.2   18:02   SSE
21  18.2  25.3   15:57  12.5   05:58   2.1   2.0   0.0  10.3  37.8   20:08   SSE
22  18.8  27.0   17:35  12.8   06:10   2.0   2.5   0.0   6.7  25.6   08:50     S
23  17.9  24.1   15:55  11.2   05:14   2.3   1.8   0.0   5.2  23.4   13:54    NW
24  18.6  24.1   16:34  14.0   06:14   1.2   1.6   0.0   4.1  24.5   15:03     W
25  18.8  25.0   11:17  13.8   05:39   1.5   2.0   0.0   4.2  14.8   11:27    SW
26  18.8  23.1   15:03  15.2   05:20   1.0   1.5   0.0   4.6  20.9   13:14     N
27  19.1  26.0   16:18  15.1   01:20   0.9   1.7   0.0   2.7  17.3   14:32   NNW
28  19.7  25.4   18:02  14.6   05:02   1.0   2.3   0.0   4.9  20.9   13:10     N
29  19.9  26.9   16:06  15.7   00:58   0.7   2.3   0.0   4.8  25.6   17:22    NW
30  19.4  27.3   17:42  13.5   06:02   1.4   2.5  11.1   5.2  40.3   17:44    SW
----------------------------------------------------------------------------------
    17.1  27.3    30     4.9     7    71.1  33.6  80.4   7.6  57.6     8     WSW

Max >=  27.0:  2
Max <=   0.0:  0
Min <=   0.0:  0
Min <= -18.0:  0
Max Rain: 38.4 on day 3
Days of Rain: 7 (>= 0.2 mm)  5 (>= 2.0 mm)  2 (>= 20.0 mm)
Heat Base: 18.3  Cool Base: 18.3  Method: Integration