NOAA Climate Reports

Select a Year or Month report
2018 > Jan Feb Mar Apr May Jun Jul Aug Sep Oct Nov Dec
2017 > Jan Feb Mar Apr May Jun Jul Aug Sep Oct Nov Dec
2016 > Jan Feb Mar Apr May Jun Jul Aug Sep Oct Nov Dec
2015 > Jan Feb Mar Apr May Jun Jul Aug Sep Oct Nov Dec

Report for 2017 Oct
                   Monthly Climatological Summary for Oct 2017

Name: Iwanui   City: Waitara, Taranaki.   State: New Zealand
Elevation: 19 m  Lat: S 39 00' 49"   Lon: E 174 25' 46"

                  Temperature (C), Rain (mm), Wind Speed (km/h)

                                      Heat  Cool        Avg
    Mean                              Deg   Deg         Wind                 Dom
Day Temp  High   Time   Low    Time   Days  Days  Rain  Speed High   Time    Dir
----------------------------------------------------------------------------------
 1  12.2  16.3   13:58   9.1   23:59   6.1   0.0  16.5   8.1  43.9   16:43   WNW
 2  13.1  18.5   15:37   7.9   03:42   5.2   0.0   3.0  12.9  57.6   11:29   WSW
 3  14.3  19.0   11:11   8.9   23:58   4.0   0.0   0.0  10.3 158.0   01:11   WSW
 4  13.0  18.4   13:54   6.3   02:51   5.3   0.0   0.0   9.0  41.8   15:23     W
 5  15.9  23.0   14:09  12.4   00:11   2.9   0.4   0.0   7.4  30.6   02:44   WSW
 6  14.9  17.6   17:35  11.7   00:30   3.4   0.0   1.5   7.0  27.0   14:05    NW
 7  14.4  16.2   10:42  12.9   00:00   3.9   0.0  15.0   9.8  31.7   23:13   NNE
 8  14.7  17.5   12:32  13.3   03:09   3.6   0.0  28.8  11.0  36.7   18:14    NE
 9  16.6  22.3   18:41  12.1   06:54   2.5   0.8   0.3   4.1  18.4   12:47    NE
10  15.6  20.3   13:46  10.9   05:15   2.9   0.2   4.5   6.5  29.5   23:07   NNW
11  14.3  17.9   15:17  11.9   07:21   4.1   0.0   6.0  16.1  58.7   11:02     W
12  14.9  20.8   11:15  10.8   06:50   3.6   0.2   0.0  10.7  37.8   14:09     W
13  13.9  18.1   12:25  11.4   23:57   4.4   0.0  14.7   9.4  28.1   14:05    NW
14  14.2  20.3   09:45   6.5   06:57   4.2   0.1   0.3   6.7  25.6   13:11     W
15  14.6  18.5   16:41  10.7   06:59   3.7   0.0   0.0  11.3  41.8   12:01   WSW
16  14.7  19.3   10:24  10.6   00:19   3.6   0.0   0.0  12.6  37.8   13:29     W
17  13.9  20.0   15:32   7.5   03:52   4.5   0.1   0.0  10.5  43.9   18:03   WSW
18  14.1  20.9   09:56   7.5   03:04   4.4   0.2   0.0   6.7  37.8   14:27     S
19  13.7  21.3   17:06   4.3   06:44   5.1   0.5   0.0   4.8  27.0   15:27   SSE
20  15.6  23.5   17:25   9.5   05:37   3.6   0.9   0.0   4.3  28.1   14:31     W
21  15.5  19.3   09:19  13.1   03:05   2.9   0.0   0.0  12.1  47.9   12:19     W
22  14.6  18.4   15:39  11.9   05:16   3.7   0.0   0.3   9.6  37.8   14:39     W
23  13.8  19.5   15:55   9.9   05:35   4.5   0.0   2.7   5.3  23.4   16:00    NW
24  15.8  19.7   12:10  12.3   02:08   2.7   0.2   0.3  10.6  37.8   16:11     W
25  14.7  18.5   15:56  11.9   02:03   3.6   0.0   0.3  11.1  34.2   12:39     W
26  16.3  20.2   10:23  13.5   22:47   2.2   0.2   1.8  10.1  39.2   10:55     W
27  16.6  23.1   17:08   9.3   05:43   2.8   1.1   0.0   4.5  24.5   14:54   WSW
28  15.4  18.1   13:20  13.2   02:52   2.9   0.0   2.1   3.3  18.4   12:00   ENE
29  17.5  22.6   14:56  14.9   02:49   1.5   0.7   2.4   5.1  23.4   12:02    NE
30  18.2  23.2   13:34  15.2   06:27   1.2   1.1   0.0   5.0  20.9   06:08    NE
31  18.6  24.6   15:45  12.1   06:08   1.4   1.6   0.0   4.9  25.6   23:53     N
----------------------------------------------------------------------------------
    15.0  24.6    31     4.3    19   110.4   8.3 100.5   8.4 158.0     3       W

Max >=  27.0:  0
Max <=   0.0:  0
Min <=   0.0:  0
Min <= -18.0:  0
Max Rain: 28.8 on day 8
Days of Rain: 17 (>= 0.2 mm)  10 (>= 2.0 mm)  1 (>= 20.0 mm)
Heat Base: 18.3  Cool Base: 18.3  Method: Integration