NOAA Climate Reports

Select a Year or Month report
2018 > Jan Feb Mar Apr May Jun Jul Aug Sep Oct Nov Dec
2017 > Jan Feb Mar Apr May Jun Jul Aug Sep Oct Nov Dec
2016 > Jan Feb Mar Apr May Jun Jul Aug Sep Oct Nov Dec
2015 > Jan Feb Mar Apr May Jun Jul Aug Sep Oct Nov Dec

Report for 2017 Sep
                   Monthly Climatological Summary for Sep 2017

Name: Iwanui   City: Waitara, Taranaki.   State: New Zealand
Elevation: 19 m  Lat: S 39 00' 49"   Lon: E 174 25' 46"

                  Temperature (C), Rain (mm), Wind Speed (km/h)

                                      Heat  Cool        Avg
    Mean                              Deg   Deg         Wind                 Dom
Day Temp  High   Time   Low    Time   Days  Days  Rain  Speed High   Time    Dir
----------------------------------------------------------------------------------
 1  13.4  18.8   12:48  10.3   21:28   4.9   0.0   0.0   6.5  25.6   09:42   SSE
 2  10.1  11.2   14:13   9.1   23:35   8.2   0.0  11.1  10.0  36.7   23:23   SSE
 3  11.3  16.7   13:17   7.9   23:38   7.0   0.0   0.6  10.2  36.7   09:52   SSE
 4  11.6  19.4   11:32   5.4   06:00   6.7   0.0   0.0   3.5  19.4   14:48     W
 5  11.9  16.7   12:21   5.4   02:09   6.4   0.0   1.5   7.4  35.6   21:06   NNW
 6  15.1  19.2   12:30  11.3   21:21   3.2   0.0   9.6  10.4  37.8   21:09   NNW
 7  12.8  17.4   09:18   8.6   19:19   5.5   0.0  14.1  15.2  67.3   15:46   WNW
 8  12.7  17.6   12:19   6.7   05:36   5.6   0.0  11.7  10.3  52.6   03:11   WNW
 9  10.8  15.1   15:15   6.7   22:00   7.5   0.0   9.3   9.8  49.0   12:56   WNW
10   8.8  13.9   11:34   5.9   01:23   9.5   0.0   6.9   6.9  45.4   08:15     W
11   9.8  15.9   15:48   4.7   23:27   8.5   0.0   0.6   3.8  29.5   11:05     S
12  11.0  16.0   11:54   5.2   00:00   7.3   0.0   1.5   9.2  45.4   12:18   WSW
13  13.5  18.3   11:52   9.4   06:39   4.8   0.0  12.3   8.8  31.7   11:58     W
14  15.5  19.3   13:13  13.7   06:03   2.9   0.0   0.3   9.0  30.6   04:01   WNW
15  15.2  18.1   15:08  13.4   23:04   3.1   0.0   9.3  13.9  43.9   20:31     N
16  13.6  17.9   09:33  10.7   23:07   4.7   0.0  12.0  12.6  50.0   14:51     W
17  13.5  18.1   11:37  10.2   01:08   4.8   0.0  21.9  14.4  49.0   15:29   NNW
18  11.5  17.2   11:43   7.5   05:53   6.8   0.0  15.9   7.3  61.2   03:11     W
19  12.3  18.9   14:14   5.7   04:56   6.0   0.0   0.3   6.1  31.7   13:26   SSE
20  13.7  18.5   09:25   8.5   04:34   4.6   0.0   0.0   6.2  28.1   01:02   NNW
21  12.2  16.8   15:55   7.3   23:39   6.1   0.0  22.8   6.3  33.1   05:08   NNE
22  11.5  19.1   10:30   7.2   01:22   6.8   0.0   0.9   4.7  25.6   14:11   SSW
23  14.0  19.8   08:46   8.6   00:12   4.4   0.0   0.0   8.1  37.8   15:03     W
24  14.3  16.3   16:11  11.8   03:07   3.9   0.0   0.3   6.4  24.5   16:52   WNW
25  14.5  16.5   10:04  13.8   00:00   3.8   0.0   9.6  12.1  34.2   15:08   NNW
26  14.2  16.3   11:22  10.7   21:32   4.1   0.0  21.0  16.3  54.0   11:12   NNW
27  14.4  20.0   12:44   8.6   06:26   4.1   0.3   0.3   4.5  23.4   16:21   WNW
28  14.4  22.5   15:01   9.2   23:59   4.3   0.4   0.0   7.5  31.7   09:24     S
29  13.1  18.3   13:21   7.1   00:52   5.2   0.0   3.6   5.4  28.1   13:34    NW
30  14.5  19.6   12:47  10.5   23:27   3.9   0.1   9.6   7.2  36.7   15:35     W
----------------------------------------------------------------------------------
    12.8  22.5    28     4.7    11   164.6   0.8 207.0   8.7  67.3     7     WNW

Max >=  27.0:  0
Max <=   0.0:  0
Min <=   0.0:  0
Min <= -18.0:  0
Max Rain: 22.8 on day 21
Days of Rain: 25 (>= 0.2 mm)  16 (>= 2.0 mm)  3 (>= 20.0 mm)
Heat Base: 18.3  Cool Base: 18.3  Method: Integration