NOAA Climate Reports

Select a Year or Month report
2018 > Jan Feb Mar Apr May Jun Jul Aug Sep Oct Nov Dec
2017 > Jan Feb Mar Apr May Jun Jul Aug Sep Oct Nov Dec
2016 > Jan Feb Mar Apr May Jun Jul Aug Sep Oct Nov Dec
2015 > Jan Feb Mar Apr May Jun Jul Aug Sep Oct Nov Dec

Report for 2017 Aug
                   Monthly Climatological Summary for Aug 2017

Name: Iwanui   City: Waitara, Taranaki.   State: New Zealand
Elevation: 19 m  Lat: S 39 00' 49"   Lon: E 174 25' 46"

                  Temperature (C), Rain (mm), Wind Speed (km/h)

                                      Heat  Cool        Avg
    Mean                              Deg   Deg         Wind                 Dom
Day Temp  High   Time   Low    Time   Days  Days  Rain  Speed High   Time    Dir
----------------------------------------------------------------------------------
 1  13.4  17.2   13:22  11.6   23:54   4.9   0.0  20.7   6.2  24.5   13:23    NW
 2  12.0  15.8   13:25   9.6   23:00   6.3   0.0  11.4   4.4  23.4   23:23    SE
 3   9.6  15.1   13:09   6.0   23:58   8.7   0.0   0.0  10.8  34.2   05:09   SSE
 4   7.8  15.2   14:22   5.1   04:58  10.5   0.0   0.0   6.3  25.6   03:21   SSE
 5   9.0  16.6   15:05   2.5   04:52   9.3   0.0   0.0   4.4  20.9   12:09     E
 6  11.0  13.1   22:54   7.3   00:26   7.3   0.0  37.2  12.2  39.2   13:56    NE
 7  13.1  18.8   13:26   9.6   01:55   5.2   0.0   4.8   4.0  23.4   10:29     N
 8  13.6  16.3   13:41  11.1   02:18   4.7   0.0  20.1  11.0  39.2   23:59     N
 9  13.6  14.3   17:30  12.6   10:07   4.7   0.0  39.3  13.6  41.8   02:43     N
10  13.5  18.1   11:03  11.0   22:28   4.9   0.0   5.7   7.8  30.6   07:10    NW
11  12.5  18.0   11:41   7.9   07:32   5.8   0.0  13.2   8.9  42.8   14:15     W
12  14.0  18.6   13:10   9.8   03:31   4.3   0.0   0.0   8.2  41.8   01:34   WNW
13  14.2  18.0   11:59  12.2   03:46   4.1   0.0   0.3   9.4  30.6   13:56   NNW
14  12.1  16.0   13:24  10.0   04:06   6.2   0.0   7.2   8.5  40.3   08:01    NW
15  12.5  17.5   13:32   9.6   08:05   5.8   0.0   3.3   8.5  36.7   02:34   WNW
16  13.5  18.2   12:01   7.9   06:47   4.8   0.0   6.6   9.2  47.9   04:00    NW
17  13.5  17.0   16:33  11.1   20:33   4.8   0.0   5.7  11.8  40.3   12:00   NNW
18  12.7  17.4   14:04   9.0   01:45   5.6   0.0   0.9   4.1  20.9   10:33   NNE
19  12.2  15.9   16:32  10.4   10:18   6.1   0.0  29.1   6.0  31.7   09:23    NE
20  11.7  16.9   11:44   8.1   23:58   6.6   0.0   5.7   6.0  34.2   12:53   SSE
21  10.7  16.9   12:59   6.8   01:55   7.6   0.0   0.0   7.3  30.6   10:52   SSE
22   9.6  16.4   13:49   5.4   23:58   8.7   0.0   0.9   7.4  31.7   08:54   SSE
23   9.2  16.9   14:09   3.4   06:39   9.1   0.0   0.0   3.5  15.8   05:19    SE
24   9.6  17.7   13:13   2.1   05:49   8.7   0.0   0.0   2.7  15.8   13:52   NNE
25  10.3  17.9   14:43   4.3   02:50   8.0   0.0   0.0   2.5  19.4   12:46   NNE
26  12.3  18.6   15:05   5.0   06:10   6.0   0.0   0.0   4.1  22.0   23:48    NE
27  14.0  17.4   12:37  10.0   05:21   4.3   0.0   0.0  15.1  43.9   21:53    NE
28  15.0  17.9   10:44  13.1   05:10   3.3   0.0  28.2  14.7  51.5   06:17   NNE
29  14.2  19.6   12:18   8.4   21:27   4.2   0.1   2.7   4.9  23.4   10:21    NW
30  11.3  15.2   11:28   7.5   01:22   7.0   0.0   1.2   2.9  12.2   14:25   SSE
31  13.4  20.3   12:49  10.2   02:52   4.9   0.0   0.0   3.8  19.4   16:45     S
----------------------------------------------------------------------------------
    12.1  20.3    31     2.1    24   192.4   0.1 244.2   7.4  51.5    28       N

Max >=  27.0:  0
Max <=   0.0:  0
Min <=   0.0:  0
Min <= -18.0:  0
Max Rain: 39.3 on day 9
Days of Rain: 20 (>= 0.2 mm)  16 (>= 2.0 mm)  6 (>= 20.0 mm)
Heat Base: 18.3  Cool Base: 18.3  Method: Integration