NOAA Climate Reports

Select a Year or Month report
2018 > Jan Feb Mar Apr May Jun Jul Aug Sep Oct Nov Dec
2017 > Jan Feb Mar Apr May Jun Jul Aug Sep Oct Nov Dec
2016 > Jan Feb Mar Apr May Jun Jul Aug Sep Oct Nov Dec
2015 > Jan Feb Mar Apr May Jun Jul Aug Sep Oct Nov Dec

Report for 2017 Jul
                   Monthly Climatological Summary for Jul 2017

Name: Iwanui   City: Waitara, Taranaki.   State: New Zealand
Elevation: 19 m  Lat: S 39 00' 49"   Lon: E 174 25' 46"

                  Temperature (C), Rain (mm), Wind Speed (km/h)

                                      Heat  Cool        Avg
    Mean                              Deg   Deg         Wind                 Dom
Day Temp  High   Time   Low    Time   Days  Days  Rain  Speed High   Time    Dir
----------------------------------------------------------------------------------
 1  13.4  15.2   07:57  12.3   03:18   5.0   0.0  12.0  17.6  46.4   12:14   NNE
 2  12.5  13.5   00:19  10.7   11:37   5.8   0.0  36.0   7.3  31.7   00:56   NNE
 3  12.2  18.4   12:39   6.6   23:59   6.1   0.0   6.0   4.8  22.0   16:55   ESE
 4   9.6  17.5   12:17   4.2   03:45   8.7   0.0   0.0   4.3  36.7   13:44   WSW
 5   9.7  17.6   12:35   3.9   07:29   8.6   0.0   0.0   1.6  13.3   13:23   ENE
 6  10.5  16.0   12:50   7.1   00:00   7.8   0.0   0.0   3.6  19.4   13:51   ESE
 7  11.1  16.0   14:35   8.3   22:37   7.2   0.0   2.7   3.6  17.3   09:19   SSE
 8  10.8  17.2   16:15   6.7   02:17   7.5   0.0   2.7   6.0  29.5   13:02    NE
 9  11.4  15.8   14:45   8.9   05:44   6.9   0.0  25.2   6.0  35.6   03:52   ESE
10  12.2  19.1   10:58   7.5   21:17   6.2   0.0   0.0   5.5  25.6   00:03    SW
11  10.0  17.7   13:33   3.3   05:44   8.3   0.0   1.2   3.7  28.1   13:09   WSW
12   7.3   9.4   13:31   5.4   09:50  11.0   0.0  11.1  11.1  54.0   22:40   SSE
13   7.0   8.4   16:16   5.0   08:39  11.3   0.0  12.3  17.6  63.7   05:44     S
14   9.5  10.4   13:13   7.9   00:02   8.8   0.0   0.0  13.6  51.5   05:36   SSE
15   9.7  17.4   14:28   2.3   23:51   8.6   0.0   0.0   3.8  33.1   00:56     S
16   9.5  17.0   13:53   1.9   07:24   8.8   0.0   0.0   3.2  19.4   12:57   NNE
17  13.4  15.2   15:37  10.8   23:32   4.9   0.0  11.1  11.6  47.9   13:20   NNW
18  12.0  18.3   13:59   5.6   07:20   6.3   0.0   0.3   2.4  13.3   12:00    SE
19  12.3  16.6   12:16   7.2   07:13   6.0   0.0   4.2   6.3  31.7   17:44   NNE
20  14.1  17.3   13:45  11.1   07:27   4.2   0.0  14.4  11.1  37.8   18:31    NE
21  13.5  17.1   12:49  11.1   22:41   4.8   0.0  19.2  16.6  57.6   22:33    NW
22  12.2  16.6   12:10   9.6   23:02   6.1   0.0   8.7   9.3  42.8   01:50    SW
23  10.9  16.8   13:17   7.3   03:28   7.4   0.0   0.0   2.6  20.9   00:10     S
24  12.5  17.3   14:13   9.3   02:00   5.8   0.0   2.7   5.3  30.6   12:18     W
25  11.8  18.6   10:46   7.1   07:19   6.5   0.0   0.0   6.0  34.2   19:21   WSW
26  12.6  17.2   10:23   6.5   03:15   5.7   0.0   0.0   7.6  31.7   14:33     W
27  11.6  12.9   07:06   9.0   23:57   6.7   0.0  18.9   8.8  47.9   14:05     N
28   9.3  13.0   11:45   5.4   23:59   9.0   0.0   0.3  10.7  43.9   11:05   SSE
29   6.9  14.4   13:09   0.6   23:27  11.4   0.0   0.0   3.8  27.0   13:31     S
30   7.2  15.9   12:59  -0.2   03:01  11.1   0.0   0.0   3.1  15.8   13:55    SW
31   9.6  14.7   14:49   5.5   06:31   8.7   0.0   0.0   3.9  17.3   14:10   NNW
----------------------------------------------------------------------------------
    10.8  19.1    10    -0.2    30   231.2   0.0 189.0   7.2  63.7    13     SSE

Max >=  27.0:  0
Max <=   0.0:  0
Min <=   0.0:  1
Min <= -18.0:  0
Max Rain: 36.0 on day 2
Days of Rain: 18 (>= 0.2 mm)  15 (>= 2.0 mm)  2 (>= 20.0 mm)
Heat Base: 18.3  Cool Base: 18.3  Method: Integration