NOAA Climate Reports

Select a Year or Month report
2018 > Jan Feb Mar Apr May Jun Jul Aug Sep Oct Nov Dec
2017 > Jan Feb Mar Apr May Jun Jul Aug Sep Oct Nov Dec
2016 > Jan Feb Mar Apr May Jun Jul Aug Sep Oct Nov Dec
2015 > Jan Feb Mar Apr May Jun Jul Aug Sep Oct Nov Dec

Report for 2017 Jun
                   Monthly Climatological Summary for Jun 2017

Name: Iwanui   City: Waitara, Taranaki.   State: New Zealand
Elevation: 19 m  Lat: S 39 00' 49"   Lon: E 174 25' 46"

                  Temperature (C), Rain (mm), Wind Speed (km/h)

                                      Heat  Cool        Avg
    Mean                              Deg   Deg         Wind                 Dom
Day Temp  High   Time   Low    Time   Days  Days  Rain  Speed High   Time    Dir
----------------------------------------------------------------------------------
 1  12.5  18.3   16:20   7.5   23:31   5.8   0.0   0.0   3.1  17.3   02:17    SE
 2  11.1  16.9   13:58   7.4   00:17   7.2   0.0   0.0   4.5  24.5   23:28   SSE
 3  11.5  16.7   13:27   8.9   23:58   6.8   0.0   0.0   9.7  34.2   12:48   SSE
 4  10.3  18.9   13:41   4.8   05:02   8.0   0.0   0.0   2.5  15.8   01:23    SE
 5  11.0  16.6   15:33   8.6   22:33   7.3   0.0  35.4   4.1  28.1   04:06   ENE
 6  11.6  19.9   14:38   6.4   07:21   6.8   0.0   0.0   2.7  13.3   20:29    SE
 7   9.6  19.1   12:00   3.4   07:51   8.7   0.0   0.0   3.2  29.5   13:47    SW
 8  10.2  17.1   13:28   5.0   01:19   8.1   0.0   0.0   4.7  24.5   11:04   SSE
 9   9.6  16.0   12:19   3.3   05:08   8.7   0.0   0.3   2.1  14.8   22:56   ESE
10  12.7  19.0   14:28   7.4   02:47   5.6   0.0   0.0   7.6  41.8   11:36    SW
11  10.0  18.0   11:18   2.3   07:37   8.3   0.0   0.0   2.2  15.8   00:22   ENE
12  12.1  19.2   10:27   7.1   07:21   6.2   0.0   1.5   4.4  29.5   17:30     W
13  14.9  17.7   15:26  12.5   03:32   3.4   0.0  11.1  12.5  51.5   20:03     W
14  11.6  15.7   10:54   6.5   23:28   6.7   0.0   4.2  12.2  54.0   01:54    SW
15   9.0  15.7   15:00   1.6   06:32   9.2   0.0   0.0   5.7  33.1   19:14   WSW
16  12.7  20.3   10:57   7.1   03:28   5.6   0.0   0.0   3.6  27.0   01:05   SSW
17  10.2  20.5   12:45   4.4   23:48   8.3   0.1   0.0   1.8  13.3   03:01     S
18  10.0  17.6   14:05   2.6   05:54   8.3   0.0   0.0   2.6  19.4   13:02    NE
19  12.8  18.8   13:20   9.7   22:09   5.5   0.0   0.9   3.1  15.8   05:21   ESE
20  11.1  19.9   15:53   5.9   23:56   7.3   0.1   0.0   2.4  15.8   01:01   SSE
21  10.6  18.3   14:39   5.1   07:07   7.7   0.0   0.0   2.9  17.3   11:14     E
22  11.5  15.1   14:07   9.7   02:54   6.8   0.0   5.4   7.6  37.8   23:31   SSE
23  12.3  14.3   12:03  11.1   04:39   6.0   0.0  13.2   9.0  36.7   00:09   SSE
24  12.5  16.0   11:25  10.7   20:42   5.8   0.0   0.3   8.1  45.4   15:00   WSW
25  11.5  18.9   12:15   4.2   23:11   6.8   0.0   1.2   5.0  29.5   13:19   WSW
26   9.6  17.6   13:59   4.4   05:12   8.7   0.0   0.0   3.8  23.4   14:47   SSE
27   8.6  18.3   14:38   3.5   06:25   9.7   0.0   0.0   3.3  17.3   08:46     S
28   9.3  17.2   13:58   3.6   02:33   9.0   0.0   0.0   3.6  18.4   12:03   SSE
29   9.3  18.6   14:35   4.6   07:53   9.0   0.0   0.0   3.6  17.3   10:41     S
30   8.8  14.5   13:24   2.1   04:37   9.5   0.0   0.0   7.4  31.7   22:56    NE
----------------------------------------------------------------------------------
    10.9  20.5    17     1.6    15   220.8   0.2  73.5   5.0  54.0    14       S

Max >=  27.0:  0
Max <=   0.0:  0
Min <=   0.0:  0
Min <= -18.0:  0
Max Rain: 35.4 on day 5
Days of Rain: 10 (>= 0.2 mm)  5 (>= 2.0 mm)  1 (>= 20.0 mm)
Heat Base: 18.3  Cool Base: 18.3  Method: Integration