NOAA Climate Reports

Select a Year or Month report
2018 > Jan Feb Mar Apr May Jun Jul Aug Sep Oct Nov Dec
2017 > Jan Feb Mar Apr May Jun Jul Aug Sep Oct Nov Dec
2016 > Jan Feb Mar Apr May Jun Jul Aug Sep Oct Nov Dec
2015 > Jan Feb Mar Apr May Jun Jul Aug Sep Oct Nov Dec

Report for 2017 May
                   Monthly Climatological Summary for May 2017

Name: Iwanui   City: Waitara, Taranaki.   State: New Zealand
Elevation: 19 m  Lat: S 39 00' 49"   Lon: E 174 25' 46"

                  Temperature (C), Rain (mm), Wind Speed (km/h)

                                      Heat  Cool        Avg
    Mean                              Deg   Deg         Wind                 Dom
Day Temp  High   Time   Low    Time   Days  Days  Rain  Speed High   Time    Dir
----------------------------------------------------------------------------------
 1  11.9  17.0   14:39   6.4   22:27   6.4   0.0   0.0   9.5  62.3   03:03   SSE
 2  11.8  18.4   12:31   4.1   06:04   6.5   0.0   0.0   2.5  15.8   14:33     N
 3  15.4  18.0   11:56  12.8   01:16   2.9   0.0  11.1   9.9  41.8   17:47    NW
 4  13.9  18.0   11:35   9.3   05:56   4.4   0.0   0.9   8.9  41.8   13:48   WSW
 5  13.7  21.9   13:04   7.1   23:33   5.0   0.3   0.0   2.8  28.1   00:08   SSW
 6  12.1  22.0   12:00   6.1   03:20   6.6   0.4   0.0   1.9  17.3   16:14    SW
 7  13.6  20.6   13:08   8.9   00:00   4.8   0.1   0.0   1.7  15.8   12:08   WSW
 8  13.8  21.6   13:50   9.5   06:34   4.6   0.1   0.0   1.9  17.3   13:28     N
 9  14.7  20.9   13:38   8.3   05:56   3.9   0.3   0.9   3.0  19.4   14:32   NNE
10  15.9  21.2   12:40  11.5   07:02   2.8   0.4   2.4   3.9  22.0   20:04    NE
11  14.9  16.5   00:54  12.7   22:55   3.4   0.0  90.9   8.8  35.6   08:52    NE
12  13.5  16.0   15:28  12.5   20:05   4.9   0.0   9.6  10.5  55.1   14:06   SSE
13  12.2  16.5   14:41   8.3   23:31   6.1   0.0   0.3  10.7  66.2   00:55   SSE
14  11.6  19.1   14:27   4.1   04:43   6.7   0.0   0.0   2.0  12.2   13:02    NE
15  13.8  21.1   11:39   8.9   06:08   4.7   0.2   0.0   2.4  18.4   15:25     W
16  13.7  16.4   13:40  10.4   00:00   4.6   0.0   6.3   6.7  31.7   23:49    NE
17  16.5  19.3   11:58  14.2   00:36   1.8   0.0  34.8  15.1  43.9   20:47   NNE
18  15.6  17.9   11:28  12.9   17:05   2.7   0.0   9.9  13.6  52.6   09:46   WNW
19  14.1  17.2   11:10  11.6   23:38   4.2   0.0   1.2  12.8  42.8   01:05   WSW
20  10.4  14.7   12:54   2.0   23:33   7.9   0.0   7.2  12.2  54.0   05:33   WSW
21   8.7  17.4   14:03   1.5   01:03   9.6   0.0   0.0   3.3  19.4   04:33   SSE
22   8.0  17.0   15:28   0.6   07:13  10.3   0.0   0.0   2.4  13.3   02:38    SE
23  12.9  18.5   13:26   7.3   00:00   5.4   0.0   0.9   5.1  23.4   13:42   NNW
24  15.3  22.4   12:43  10.0   22:10   3.5   0.5   2.7   5.1  25.6   02:02     W
25  11.0  19.2   14:35   5.0   23:38   7.4   0.0   0.0   2.3  14.8   13:11   ESE
26  11.4  17.5   12:46   3.6   03:28   6.9   0.0   0.0   5.5  29.5   15:14   ENE
27  15.1  17.7   13:51  12.9   21:10   3.2   0.0   1.2   5.3  31.7   01:32   ENE
28  14.2  17.2   14:01  13.0   22:17   4.1   0.0   1.2   9.4  36.7   10:47   SSE
29  14.3  19.0   13:36  11.0   07:38   4.0   0.0   0.0   5.3  27.0   00:54   SSE
30  13.2  18.0   12:06   6.7   07:35   5.1   0.0  15.9   4.9  28.1   22:54   NNE
31  13.8  21.1   13:30   8.7   06:44   4.8   0.4   1.8   3.2  20.9   00:10    SE
----------------------------------------------------------------------------------
    13.3  22.4    24     0.6    22   159.2   2.7 199.2   6.2  66.2    13      SW

Max >=  27.0:  0
Max <=   0.0:  0
Min <=   0.0:  0
Min <= -18.0:  0
Max Rain: 90.9 on day 11
Days of Rain: 18 (>= 0.2 mm)  10 (>= 2.0 mm)  2 (>= 20.0 mm)
Heat Base: 18.3  Cool Base: 18.3  Method: Integration