NOAA Climate Reports

Select a Year or Month report
2018 > Jan Feb Mar Apr May Jun Jul Aug Sep Oct Nov Dec
2017 > Jan Feb Mar Apr May Jun Jul Aug Sep Oct Nov Dec
2016 > Jan Feb Mar Apr May Jun Jul Aug Sep Oct Nov Dec
2015 > Jan Feb Mar Apr May Jun Jul Aug Sep Oct Nov Dec

Report for 2017 Apr
                   Monthly Climatological Summary for Apr 2017

Name: Iwanui   City: Waitara, Taranaki.   State: New Zealand
Elevation: 19 m  Lat: S 39 00' 49"   Lon: E 174 25' 46"

                  Temperature (C), Rain (mm), Wind Speed (km/h)

                                      Heat  Cool        Avg
    Mean                              Deg   Deg         Wind                 Dom
Day Temp  High   Time   Low    Time   Days  Days  Rain  Speed High   Time    Dir
----------------------------------------------------------------------------------
 1  17.0  23.4   14:02  12.1   00:40   2.5   1.1   0.0   2.6  17.3   13:48   NNE
 2  17.7  20.5   16:26  13.0   03:47   1.5   0.9   2.1   3.1  17.3   23:08   NNE
 3  18.3  21.4   10:03  14.2   23:56   0.8   0.8  12.3   6.5  28.1   23:45   SSE
 4  13.7  14.5   02:26  12.5   20:00   4.6   0.0 110.4  10.7  39.2   09:16   SSE
 5  16.2  20.3   16:02  13.2   00:00   2.5   0.4  39.9  10.3  51.5   22:37   ENE
 6  16.2  20.6   10:18  13.6   23:58   2.3   0.2   5.7  13.4  49.0   00:54     W
 7  15.8  24.1   13:19  10.3   23:38   3.6   1.1   0.0   4.7  25.6   11:21   SSW
 8  15.1  22.6   16:12  10.2   05:56   4.1   0.9   0.0   5.5  22.0   05:41   SSE
 9  15.9  23.6   16:38  10.2   00:57   3.3   0.9   0.0   2.9  13.3   12:22    SE
10  16.7  25.1   16:05   9.8   05:30   3.2   1.6   0.0   2.9  15.8   11:27   ESE
11  18.6  23.0   13:52  15.2   03:44   0.8   1.1   0.3   4.1  20.9   10:46    NE
12  19.9  21.7   10:36  18.6   00:14   0.0   1.6   8.4   9.5  28.1   12:19    NE
13  18.2  21.6   12:32  15.2   22:07   0.7   0.6  35.1   5.0  27.0   03:36     E
14  17.9  22.2   11:54  15.7   22:47   0.9   0.5  28.2  11.1  42.8   22:36    NW
15  17.5  21.7   12:57  14.2   20:24   1.3   0.6  15.0   8.3  29.5   12:50   WNW
16  15.9  20.5   14:32  12.7   04:33   2.6   0.2  13.5   6.1  25.6   15:32   NNE
17  15.8  22.9   11:59  12.3   06:48   3.2   0.7   4.2   4.5  25.6   16:58   SSE
18  15.5  22.3   13:53  11.4   05:22   3.6   0.8   0.0   6.2  25.6   10:06   SSE
19  15.0  22.2   13:29   9.1   06:58   3.9   0.6   0.0   6.1  30.6   14:36    SW
20  13.7  21.0   12:48   8.3   04:22   4.9   0.3   0.0   5.5  31.7   15:03   SSE
21  14.1  21.4   14:49   8.3   06:59   4.8   0.5   0.0   5.3  20.9   05:26   SSE
22  14.2  23.2   11:59   6.1   05:36   5.0   0.9   0.0   3.7  17.3   08:20   SSW
23  14.8  23.4   13:55   7.6   06:49   4.6   1.1   0.0   2.4  14.8   12:15    SW
24  15.0  22.8   11:27   7.4   06:31   4.2   0.9   0.0   4.2  23.4   20:11     S
25  16.3  23.7   14:43  10.0   23:12   3.2   1.3   0.0   4.7  25.6   06:59   SSE
26  14.5  22.5   15:19  10.1   23:45   4.6   0.8   0.0   2.6  13.3   04:00    SW
27  15.0  21.8   14:39   8.2   04:35   3.8   0.5   0.0   3.9  20.9   12:09   NNE
28  17.6  19.6   09:50  12.6   00:59   0.9   0.2   0.0  10.2  31.7   16:05     N
----------------------------------------------------------------------------------
    16.1  25.1    10     6.1    22    81.4  21.1 275.1   5.9  51.5     5      SE

Max >=  27.0:  0
Max <=   0.0:  0
Min <=   0.0:  0
Min <= -18.0:  0
Max Rain: 110.4 on day 4
Days of Rain: 12 (>= 0.2 mm)  11 (>= 2.0 mm)  4 (>= 20.0 mm)
Heat Base: 18.3  Cool Base: 18.3  Method: Integration