NOAA Climate Reports

Select a Year or Month report
2018 > Jan Feb Mar Apr May Jun Jul Aug Sep Oct Nov Dec
2017 > Jan Feb Mar Apr May Jun Jul Aug Sep Oct Nov Dec
2016 > Jan Feb Mar Apr May Jun Jul Aug Sep Oct Nov Dec
2015 > Jan Feb Mar Apr May Jun Jul Aug Sep Oct Nov Dec

Report for 2017 Mar
                   Monthly Climatological Summary for Mar 2017

Name: Iwanui   City: Waitara, Taranaki.   State: New Zealand
Elevation: 19 m  Lat: S 39 00' 49"   Lon: E 174 25' 46"

                  Temperature (C), Rain (mm), Wind Speed (km/h)

                                      Heat  Cool        Avg
    Mean                              Deg   Deg         Wind                 Dom
Day Temp  High   Time   Low    Time   Days  Days  Rain  Speed High   Time    Dir
----------------------------------------------------------------------------------
 1  20.8  27.5   13:00  14.3   05:52   1.1   3.6   0.0   4.7  29.5   15:24   NNE
 2  18.1  25.0   17:32  10.4   07:11   2.4   2.2   0.0   5.6  34.2   13:19    NW
 3  17.4  23.4   14:02  12.9   06:05   2.1   1.1   0.0   5.2  28.1   18:09     W
 4  19.1  24.9   13:38  15.3   22:42   0.7   1.5   0.0  11.5  39.2   16:32     W
 5  17.6  22.4   12:16  13.1   04:53   1.6   0.9   0.0  10.0  35.6   15:43     W
 6  18.5  23.7   12:15  15.3   21:07   1.1   1.3   0.0   5.0  27.0   10:31     W
 7  17.9  23.2   16:27  15.0   03:52   1.4   1.0  13.2   3.7  22.0   23:14     E
 8  15.9  21.6   16:50  11.2   04:18   2.9   0.4   8.4  13.1  50.0   12:26   SSE
 9  19.4  27.1   15:35  14.1   05:16   1.4   2.5   0.0   6.3  34.2   02:15    SE
10  20.4  27.0   15:35  16.9   03:31   0.3   2.4   5.7   6.3  31.7   14:03     E
11  20.2  23.8   15:23  18.3   00:00   0.0   1.9  18.9   8.3  29.5   08:38   NNE
12  19.6  23.4   16:15  16.1   23:51   0.3   1.5  30.9   8.9  41.8   04:29     N
13  17.9  23.6   15:30  15.2   22:54   1.4   1.0   0.6   6.3  31.7   14:34     W
14  16.6  21.4   10:49  11.9   06:37   2.3   0.6   0.3   7.4  37.8   17:02     S
15  16.0  21.6   16:11  12.0   04:17   2.9   0.6   0.0  10.7  41.8   10:22   SSE
16  17.0  24.4   13:05  10.9   06:25   3.0   1.7   0.0   4.3  20.9   00:10   SSE
17  17.7  25.2   15:03  11.0   04:19   2.7   2.1   0.0   3.5  19.4   15:32    NW
18  17.7  26.0   17:23  11.6   03:07   2.3   1.7   0.0   5.0  33.1   19:43     S
19  17.9  26.2   13:03  11.6   23:55   2.4   2.0   0.0   5.8  24.5   01:35   SSW
20  16.5  22.0   15:36  10.2   02:31   2.4   0.7   0.0   8.4  35.6   15:20     W
21  18.7  27.0   16:36  10.9   05:43   1.8   2.2   0.0   5.7  35.6   01:04     W
22  18.7  20.8   14:56  17.5   03:45   0.2   0.6   7.5   8.2  30.6   18:31     W
23  18.0  23.5   13:08  13.4   23:58   1.5   1.2   0.0   4.3  27.0   00:32     W
24  17.6  22.0   15:18  13.1   00:29   1.4   0.6   5.7   3.4  19.4   20:36   NNW
25  18.7  21.3   15:02  17.0   02:01   0.2   0.6   0.3   3.9  20.9   11:38   NNE
26  19.9  25.9   16:24  17.6   04:00   0.1   1.7   0.9   7.7  28.1   20:29   ENE
27  19.7  25.1   13:44  16.6   02:05   0.3   1.7   0.0   3.9  17.3   14:13   ENE
28  20.9  28.7   14:44  16.3   06:41   0.4   3.0   0.9   5.1  20.9   05:02     S
29  19.1  24.4   14:37  16.7   23:44   0.5   1.2   2.7   9.0  36.7   12:42   SSE
30  18.6  22.9   14:05  16.6   00:21   0.7   1.0   0.3   6.6  27.0   13:19     W
31  18.0  24.5   14:19  12.6   23:49   1.3   1.0   0.3   3.2  18.4   15:35     W
----------------------------------------------------------------------------------
    18.4  28.7    28    10.2    20    43.1  45.5  96.6   6.5  50.0     8     WSW

Max >=  27.0:  5
Max <=   0.0:  0
Min <=   0.0:  0
Min <= -18.0:  0
Max Rain: 30.9 on day 12
Days of Rain: 15 (>= 0.2 mm)  8 (>= 2.0 mm)  1 (>= 20.0 mm)
Heat Base: 18.3  Cool Base: 18.3  Method: Integration