NOAA Climate Reports

Select a Year or Month report
2018 > Jan Feb Mar Apr May Jun Jul Aug Sep Oct Nov Dec
2017 > Jan Feb Mar Apr May Jun Jul Aug Sep Oct Nov Dec
2016 > Jan Feb Mar Apr May Jun Jul Aug Sep Oct Nov Dec
2015 > Jan Feb Mar Apr May Jun Jul Aug Sep Oct Nov Dec

Report for 2017 Feb
                   Monthly Climatological Summary for Feb 2017

Name: Iwanui   City: Waitara, Taranaki.   State: New Zealand
Elevation: 19 m  Lat: S 39 00' 49"   Lon: E 174 25' 46"

                  Temperature (C), Rain (mm), Wind Speed (km/h)

                                      Heat  Cool        Avg
    Mean                              Deg   Deg         Wind                 Dom
Day Temp  High   Time   Low    Time   Days  Days  Rain  Speed High   Time    Dir
----------------------------------------------------------------------------------
 1  18.5  20.4   10:00  16.7   00:58   0.4   0.6   0.0   8.3  29.5   17:26   NNE
 2  18.5  18.9   13:24  17.4   23:17   0.0   0.2  58.5  10.6  46.4   22:48   NNE
 3  19.5  23.6   11:27  13.5   23:43   0.8   2.0   3.3  13.1  42.8   17:44    NW
 4  17.9  25.5   10:20   9.6   06:15   2.4   2.0   0.0   8.6  35.6   16:13   WNW
 5  19.7  25.8   10:19  13.7   06:05   1.2   2.6   0.0   6.9  24.5   11:14     W
 6  18.3  23.8   09:00  13.2   01:09   1.4   1.5   0.6   5.0  22.0   12:34     N
 7  19.6  21.3   14:24  17.5   23:38   0.0   1.3   5.4   6.9  24.5   11:13     N
 8  17.2  21.6   11:40  13.7   23:58   1.6   0.4   0.9   8.7  42.8   14:53   ESE
 9  17.2  27.2   15:25  11.3   06:30   3.0   1.8   0.0   8.7  33.1   03:51     S
10  16.0  23.6   18:57  10.6   01:37   3.0   0.7   0.6   4.0  19.4   15:44     N
11  17.5  27.9   17:21   7.9   05:58   3.6   2.8   0.0   4.2  23.4   14:21   NNW
12  17.5  25.0   15:02  10.7   01:44   1.9   1.0   3.6   7.0  29.5   13:32   WNW
13  20.0  24.6   17:57  17.5   23:33   0.1   1.8   0.9  11.5  42.8   10:56    NW
14  19.4  26.2   15:40  15.3   23:57   0.5   1.7   0.0   7.5  25.6   12:36   NNE
15  17.2  24.4   12:36  11.3   06:21   2.5   1.4   0.0   3.7  27.0   15:15     N
16  16.8  23.0   13:48  11.9   01:09   2.3   0.8   3.0   2.6  17.3   21:52   SSE
17  18.4  20.4   14:35  16.7   00:00   0.4   0.6   6.3   6.9  29.5   09:12    NW
18  19.6  27.6   17:36  15.4   22:47   0.7   2.0   2.7   2.3  17.3   15:01   WNW
19  21.3  29.8   17:53  15.8   03:19   0.4   3.4   0.6   3.7  19.4   13:26   ESE
20  22.3  28.2   15:55  16.8   06:09   0.1   4.2   0.0   3.4  15.8   09:35   NNE
21  20.7  27.1   16:58  16.0   23:56   0.2   2.7   3.6   3.9  23.4   18:50   NNE
22  19.8  27.2   12:38  13.5   23:41   1.7   3.2   0.0   4.5  31.7   16:52     N
23  20.3  29.4   16:19  13.5   00:01   1.4   3.4   0.0   6.7  33.1   18:21     E
24  21.0  28.8   11:46  14.2   23:31   0.9   3.6   0.0   6.4  25.6   17:01     N
25  18.0  26.3   15:10   9.9   07:11   2.2   1.9   0.0   6.9  30.6   16:16    NW
26  18.5  26.2   17:03  10.6   06:59   1.7   1.9   0.0   4.6  22.0   21:09   WNW
27  21.4  29.2   17:32  14.4   06:57   1.0   4.1   0.0   4.6  18.4   02:08   NNW
28  21.4  30.4   18:09  14.2   05:47   1.0   4.1   0.0   3.5  20.9   16:03    NW
----------------------------------------------------------------------------------
    19.1  30.4    28     7.9    11    36.4  57.7  90.0   6.2  46.4     2     NNW

Max >=  27.0: 11
Max <=   0.0:  0
Min <=   0.0:  0
Min <= -18.0:  0
Max Rain: 58.5 on day 2
Days of Rain: 13 (>= 0.2 mm)  8 (>= 2.0 mm)  1 (>= 20.0 mm)
Heat Base: 18.3  Cool Base: 18.3  Method: Integration