NOAA Climate Reports

Select a Year or Month report
2018 > Jan Feb Mar Apr May Jun Jul Aug Sep Oct Nov Dec
2017 > Jan Feb Mar Apr May Jun Jul Aug Sep Oct Nov Dec
2016 > Jan Feb Mar Apr May Jun Jul Aug Sep Oct Nov Dec
2015 > Jan Feb Mar Apr May Jun Jul Aug Sep Oct Nov Dec

Report for 2017 Jan
                   Monthly Climatological Summary for Jan 2017

Name: Iwanui   City: Waitara, Taranaki.   State: New Zealand
Elevation: 19 m  Lat: S 39 00' 49"   Lon: E 174 25' 46"

                  Temperature (C), Rain (mm), Wind Speed (km/h)

                                      Heat  Cool        Avg
    Mean                              Deg   Deg         Wind                 Dom
Day Temp  High   Time   Low    Time   Days  Days  Rain  Speed High   Time    Dir
----------------------------------------------------------------------------------
 1  18.0  21.2   10:47  16.8   00:47   0.5   0.3   2.4  10.6  31.7   11:31   NNE
 2  19.6  25.8   13:50  16.4   23:56   0.4   1.8  19.8   6.0  23.4   04:43   ENE
 3  17.2  19.0   17:47  15.8   08:01   1.2   0.1  17.4   7.8  36.7   13:45   ESE
 4  17.1  22.8   16:23  11.1   23:55   2.0   0.7   0.6  13.2  47.9   12:42    NW
 5  15.6  24.4   17:33   7.4   04:51   3.9   1.2   0.0   4.6  31.7   15:24   NNW
 6  14.7  22.4   13:58   7.4   04:06   4.1   0.5   0.0   6.3  30.6   17:48    NW
 7  17.5  23.4   09:50  12.8   06:35   2.1   1.3   0.3  11.6  39.2   17:01    NW
 8  16.8  22.7   11:29  12.4   04:34   2.3   0.8   0.0  11.2  39.2   14:12    NW
 9  17.8  23.5   15:27  14.2   03:45   1.3   0.8   0.0  10.8  39.2   13:50    NW
10  18.9  23.7   15:24  15.1   21:31   0.8   1.5   1.2  10.9  40.3   11:50   WNW
11  18.3  23.5   13:02  14.7   04:47   1.1   1.1   0.0   5.9  22.0   16:20   NNE
12  19.1  23.2   12:32  17.1   03:22   0.3   1.1   8.1  11.3  35.6   20:21   NNE
13  18.0  23.6   09:59  11.3   06:04   2.0   1.6   1.8  10.0  43.9   16:12    NW
14  16.9  23.3   13:22  10.4   06:35   2.4   0.9   0.0   5.9  25.6   00:34   NNE
15  18.7  23.7   16:33  16.3   22:11   0.5   0.9  14.1  11.4  34.2   08:41   NNE
16  18.5  23.4   13:38  13.8   05:18   1.5   1.7   0.0  12.6  40.3   16:02    NW
17  18.0  23.9   09:54   8.8   06:13   2.3   2.0   0.0   9.0  35.6   13:14    NW
18  19.3  24.1   14:28  16.1   00:00   0.4   1.4   1.5   7.3  28.1   14:12   WNW
19  18.0  22.5   16:18  11.2   23:59   1.2   0.9  12.3  14.2  47.9   07:34     N
20  15.2  22.3   17:13   8.7   05:28   4.0   0.8   6.6   6.3  33.1   14:33     N
21  14.7  19.6   10:11   8.3   02:52   3.6   0.1   4.5   8.9  42.8   22:35     E
22  16.4  21.0   13:03  13.1   23:38   1.9   0.2  16.8  20.7  76.0   15:51   NNW
23  16.8  22.5   17:20  12.8   06:10   2.1   0.6   3.3  16.6  58.7   09:15   WNW
24  16.7  24.0   09:43   8.0   05:54   3.1   1.5   0.0   6.6  28.1   11:01    NW
25  16.8  22.1   17:37  13.5   23:51   1.8   0.3   4.2  11.5  40.3   22:45    NW
26  17.0  23.5   10:34   7.6   06:04   2.7   1.3   0.0  11.5  46.4   15:59   WNW
27  17.8  23.3   17:38  11.2   05:28   1.9   1.4   0.0  10.6  36.7   18:08    NW
28  18.3  25.5   11:14  10.7   05:54   2.5   2.5   0.0   4.5  22.0   14:18     N
29  17.5  24.7   10:57  11.1   05:59   2.3   1.5   0.0   5.0  28.1   18:04   NNW
30  17.1  24.5   13:41  11.4   05:28   2.0   0.8   1.5   3.6  18.4   12:27    NW
31  18.7  25.2   14:49  14.6   06:57   0.8   1.2   0.6   5.1  25.6   15:04   NNW
----------------------------------------------------------------------------------
    17.5  25.8     2     7.4     5    59.0  32.8 117.0   9.4  76.0    22     NNW

Max >=  27.0:  0
Max <=   0.0:  0
Min <=   0.0:  0
Min <= -18.0:  0
Max Rain: 19.8 on day 2
Days of Rain: 18 (>= 0.2 mm)  11 (>= 2.0 mm)  0 (>= 20.0 mm)
Heat Base: 18.3  Cool Base: 18.3  Method: Integration