NOAA Climate Reports

Select a Year or Month report
2018 > Jan Feb Mar Apr May Jun Jul Aug Sep Oct Nov Dec
2017 > Jan Feb Mar Apr May Jun Jul Aug Sep Oct Nov Dec
2016 > Jan Feb Mar Apr May Jun Jul Aug Sep Oct Nov Dec
2015 > Jan Feb Mar Apr May Jun Jul Aug Sep Oct Nov Dec

Report for 2017
                   Annual Climatological Summary for 2017

Name: Iwanui   City: Waitara, Taranaki.   State: New Zealand
Elevation: 19 m  Lat: S 39 00' 49"   Lon: E 174 25' 46"

                  Temperature (C), Heat Base: 18.3  Cool Base: 18.3
                          Dep.  Heat  Cool                       Max  Max  Min  Min
        Mean  Mean        From  Deg   Deg                        >=   <=   <=   <=
 YR MO  Max   Min   Mean  Norm  Days  Days  Hi  Date  Low  Date 27.0  0.0  0.0 -18.0
------------------------------------------------------------------------------------
 17  1  23.2  12.3  17.5   0.0    58    32  25.8   2   7.4    5    0    0    0    0
 17  2  25.5  13.7  19.1   0.0    36    57  30.4  28   7.9   11   11    0    0    0
 17  3  24.2  14.1  18.4   0.0    43    45  28.7  28  10.2   20    5    0    0    0
 17  4  21.8  11.6  16.2   0.0    84    21  25.1  10   6.1   22    0    0    0    0
 17  5  18.7   8.4  13.3   0.0   159     2  22.4  24   0.6   22    0    0    0    0
 17  6  17.7   6.0  10.9   0.0   220     0  20.5  17   1.6   15    0    0    0    0
 17  7  15.8   6.7  10.8   0.0   231     0  19.1  10  -0.2   30    0    0    1    0
 17  8  17.1   8.3  12.1   0.0   192     0  20.3  31   2.1   24    0    0    0    0
 17  9  17.6   8.7  12.8   0.0   164     0  22.5  28   4.7   11    0    0    0    0
 17 10  19.9  10.8  15.0   0.0   110     8  24.6  31   4.3   19    0    0    0    0
 17 11  23.0  11.7  17.0   0.0    71    33  27.3  30   4.9    7    2    0    0    0
 17 12  25.4  14.1  19.7   0.0    32    76  29.1  22  10.7   31    4    0    0    0
------------------------------------------------------------------------------------
        20.8  10.5  15.2   0.0  1405   279  30.4 Feb  -0.2  Jul   22    0    1    0

                                Precipitation (mm)

              Dep.   Max        Days of Rain
              From   Obs.           >=
 YR MO Total  Norm   Day Date  0.2  2.0 20.0
---------------------------------------------
 17  1 117.0   0.0  19.8   2    18   11    0
 17  2  90.0   0.0  58.5   2    13    8    1
 17  3  96.6   0.0  30.9  12    15    8    1
 17  4 349.8   0.0 110.4   4    14   13    6
 17  5 199.2   0.0  90.9  11    18   10    2
 17  6  73.5   0.0  35.4   5    10    5    1
 17  7 189.0   0.0  36.0   2    18   15    2
 17  8 244.2   0.0  39.3   9    20   16    6
 17  9 207.0   0.0  22.8  21    25   16    3
 17 10 100.5   0.0  28.8   8    17   10    1
 17 11  80.4   0.0  38.4   3     7    5    2
 17 12  38.4   0.0  11.7  11    13    6    0
---------------------------------------------
      1785.6   0.0 110.4  Apr  188  123   25

                                Wind Speed (km/h)
                          Dom
 YR MO   Avg.  Hi   Date  Dir
------------------------------
 17  1   9.4  76.0   22   NNW
 17  2   6.2  46.4    2     N
 17  3   6.5  50.0    8   WSW
 17  4   6.1  51.5    5   NNW
 17  5   6.2  66.2   13     S
 17  6   5.0  54.0   14   SSW
 17  7   7.2  63.7   13    SE
 17  8   7.4  51.5   28     N
 17  9   8.7  67.3    7   WNW
 17 10   8.4 158.0    3     W
 17 11   7.6  57.6    8    SW
 17 12   7.1  47.9   28     W
------------------------------
         7.1 158.0  Oct     W