NOAA Climate Reports

Select a Year or Month report
2018 > Jan Feb Mar Apr May Jun Jul Aug Sep Oct Nov Dec
2017 > Jan Feb Mar Apr May Jun Jul Aug Sep Oct Nov Dec
2016 > Jan Feb Mar Apr May Jun Jul Aug Sep Oct Nov Dec
2015 > Jan Feb Mar Apr May Jun Jul Aug Sep Oct Nov Dec

Report for 2016 Dec
                   Monthly Climatological Summary for Dec 2016

Name: Iwanui   City: Waitara, Taranaki.   State: New Zealand
Elevation: 19 m  Lat: S 39 00' 49"   Lon: E 174 25' 46"

                  Temperature (C), Rain (mm), Wind Speed (km/h)

                                      Heat  Cool        Avg
    Mean                              Deg   Deg         Wind                 Dom
Day Temp  High   Time   Low    Time   Days  Days  Rain  Speed High   Time    Dir
----------------------------------------------------------------------------------
 1  16.3  22.4   09:38  11.4   06:18   2.7   0.8   0.6   4.0  24.5   16:02    NW
 2  16.7  21.9   11:23  12.1   02:46   2.5   0.8   0.0   6.3  29.5   15:02   NNW
 3  17.2  24.1   15:32  11.1   02:26   2.9   1.8   0.0   6.2  30.6   17:39   NNW
 4  16.3  21.9   13:29  11.9   04:55   2.4   0.4   0.9   5.8  20.9   13:29   NNW
 5  18.4  25.1   17:22  12.4   23:51   1.8   2.0   0.0   3.8  19.4   15:14     W
 6  17.8  24.3   14:59  11.0   03:55   2.2   1.7   0.0   3.9  19.4   11:27    NE
 7  17.6  20.7   12:16  13.7   05:59   1.1   0.4   2.4   7.0  31.7   10:41    NE
 8  16.9  21.7   16:06  14.6   05:12   1.6   0.2   7.2  10.4  43.9   07:31    NE
 9  18.9  24.3   13:30  15.1   22:24   1.0   1.6   0.6   3.0  22.0   16:01     N
10  17.9  21.5   08:39  14.3   23:50   0.8   0.4   4.8  12.6  43.9   16:47   NNE
11  15.8  20.5   17:52  10.5   06:02   2.8   0.3   1.8  12.3  51.5   12:19   WNW
12  16.0  20.9   13:39  11.1   23:56   2.6   0.4   0.9  12.1  43.9   13:33   WNW
13  15.3  21.5   09:27   7.2   05:49   3.6   0.6   0.0   8.0  39.2   18:25    NW
14  16.4  24.0   15:32  12.1   05:57   2.5   0.6  12.0  10.0  39.2   13:18    NW
15  16.2  17.8   18:05  13.4   23:56   2.1   0.0   8.1  11.5  35.6   13:26   WNW
16  16.7  22.4   16:23  12.1   03:06   2.5   1.0   0.0  11.4  41.8   15:31    NW
17  16.0  22.7   17:01   7.8   03:36   3.6   1.4   0.0   5.1  27.0   14:41   WNW
18  16.8  21.2   15:00  10.1   00:17   1.9   0.4   0.0   7.3  24.5   13:20   ENE
19  17.1  22.2   16:25  11.5   23:49   1.7   0.4   7.5  10.9  31.7   14:43    NW
20  16.2  23.8   10:20   8.2   05:40   3.4   1.4   0.0   6.6  30.6   14:43    NW
21  16.3  24.6   18:01   7.8   02:35   3.4   1.4   0.0   3.4  20.9   11:57    NE
22  18.4  22.4   16:33  13.0   01:36   0.9   0.9  12.9   9.4  46.4   23:47    NE
23  15.7  22.3   16:09  10.9   04:39   3.1   0.5   3.9  10.4  47.9   13:58   WNW
24  16.7  22.9   17:37   8.3   05:41   3.1   1.5   0.0   8.6  41.8   12:34    NW
25  17.8  22.5   12:08  12.3   23:07   1.7   1.2   0.0  11.3  39.2   15:53    NW
26  16.9  22.6   16:06  11.1   05:57   2.3   0.9   0.0   4.7  19.4   18:59   NNE
27  17.2  22.8   15:41  14.7   05:45   1.8   0.7   0.0   8.2  34.2   19:05   NNW
28  18.1  24.9   09:19  13.1   06:45   1.6   1.3   1.5  11.1  37.8   13:24    NW
29  14.7  21.3   15:32   9.8   05:35   3.7   0.1   0.6   6.5  35.6   11:13    NW
30  16.3  23.6   19:25   8.8   02:37   3.4   1.4   0.0   5.1  24.5   16:51     N
31  16.2  21.7   16:37   7.9   05:49   2.9   0.8   0.0   6.0  25.6   13:14   ENE
----------------------------------------------------------------------------------
    16.8  25.1     5     7.2    13    73.6  27.3  65.7   7.8  51.5    11     NNW

Max >=  27.0:  0
Max <=   0.0:  0
Min <=   0.0:  0
Min <= -18.0:  0
Max Rain: 12.9 on day 22
Days of Rain: 15 (>= 0.2 mm)  8 (>= 2.0 mm)  0 (>= 20.0 mm)
Heat Base: 18.3  Cool Base: 18.3  Method: Integration