NOAA Climate Reports

Select a Year or Month report
2018 > Jan Feb Mar Apr May Jun Jul Aug Sep Oct Nov Dec
2017 > Jan Feb Mar Apr May Jun Jul Aug Sep Oct Nov Dec
2016 > Jan Feb Mar Apr May Jun Jul Aug Sep Oct Nov Dec
2015 > Jan Feb Mar Apr May Jun Jul Aug Sep Oct Nov Dec

Report for 2016 Nov
                   Monthly Climatological Summary for Nov 2016

Name: Iwanui   City: Waitara, Taranaki.   State: New Zealand
Elevation: 19 m  Lat: S 39 00' 49"   Lon: E 174 25' 46"

                  Temperature (C), Rain (mm), Wind Speed (km/h)

                                      Heat  Cool        Avg
    Mean                              Deg   Deg         Wind                 Dom
Day Temp  High   Time   Low    Time   Days  Days  Rain  Speed High   Time    Dir
----------------------------------------------------------------------------------
 1  12.6  23.8   06:47   3.7   05:15   8.5   0.1   2.4   7.4  28.1   20:17   ENE
 2  14.9  18.8   15:09  11.8   23:46   3.4   0.0  16.8  13.0  41.8   02:28    NW
 3  14.8  20.6   12:24   6.3   05:54   3.8   0.4   0.3   8.1  35.6   15:00    NW
 4  13.9  19.5   12:35   7.8   05:27   4.4   0.0   1.5  10.3  41.8   13:37   WNW
 5  15.3  21.3   15:53  10.3   02:52   3.3   0.3   3.0   6.9  29.5   11:41    NW
 6  16.1  19.0   14:17  13.9   00:18   2.2   0.0   1.5  10.9  40.3   13:26     E
 7  14.7  19.5   17:01  12.0   22:23   3.6   0.0  14.4  10.0  41.8   21:53     E
 8  17.4  24.6   17:09  10.7   23:27   2.6   1.7   0.0   7.9  35.6   01:56     W
 9  16.2  23.9   09:43   8.1   05:41   3.2   1.1   0.0   8.3  46.4   15:17    NW
10  16.6  20.3   15:13  15.0   00:00   1.8   0.1   1.5   8.5  27.0   23:48   NNE
11  16.5  20.2   13:01  15.5   21:18   1.9   0.1   5.7  13.9  40.3   23:01   ENE
12  14.6  16.7   18:06  12.2   20:32   3.7   0.0  10.2  14.1  57.6   18:18     N
13  15.1  20.8   11:02   9.6   05:22   3.6   0.4   0.0   6.3  31.7   13:28   WNW
14  14.9  17.5   10:49  12.7   00:00   3.4   0.0  12.9  12.7  64.8   23:05    NE
15  16.2  17.1   03:37  14.5   10:51   2.1   0.0   6.3  14.0  62.3   01:29   ENE
16  15.8  20.2   11:25  11.6   21:05   2.6   0.1  12.9  11.5  49.0   20:26     N
17  14.0  19.4   15:54  10.7   23:06   4.4   0.0   8.4   7.2  36.7   15:37    NW
18  14.6  20.8   11:35   7.8   05:26   3.9   0.2   0.9   5.7  33.1   15:22   WNW
19  15.4  18.5   13:45  12.9   22:48   2.9   0.0   1.2  10.1  37.8   13:28   WNW
20  16.1  20.7   16:58  11.1   05:25   2.8   0.6   0.0  10.4  64.8   15:04   WNW
21  16.2  21.7   09:01  10.6   05:33   2.8   0.7   0.0   9.8  45.4   15:27    NW
22  15.5  21.5   08:12   7.7   05:42   3.6   0.9   0.0   6.0  37.8   14:24    NW
23  16.8  22.6   09:28   8.3   05:43   2.8   1.3   0.0   7.2  31.7   15:35    NW
24  17.1  22.8   17:42  12.4   23:54   2.0   0.9   0.0   3.2  18.4   10:54   NNE
25  16.1  20.0   18:31  12.3   00:02   2.3   0.1   8.7  10.6  49.0   12:15     N
26  16.5  20.9   16:38  13.5   12:49   2.1   0.3   1.5  11.5  39.2   23:39   NNW
27  14.3  17.0   17:09  10.4   23:42   4.0   0.0  12.6  15.0  46.4   09:38   NNW
28  14.5  19.3   16:38   8.9   02:17   3.8   0.1   1.8  13.4  49.0   13:33    NW
29  16.3  20.9   16:08  12.1   00:50   2.5   0.5   0.3  11.6  40.3   11:50    NW
30  15.7  18.6   09:19  13.1   23:52   2.6   0.0   4.2   7.8  27.0   10:10   NNE
----------------------------------------------------------------------------------
    15.5  24.6     8     3.7     1    96.6   9.9 129.0   9.8  64.8    14     NNW

Max >=  27.0:  0
Max <=   0.0:  0
Min <=   0.0:  0
Min <= -18.0:  0
Max Rain: 16.8 on day 2
Days of Rain: 22 (>= 0.2 mm)  13 (>= 2.0 mm)  0 (>= 20.0 mm)
Heat Base: 18.3  Cool Base: 18.3  Method: Integration