NOAA Climate Reports

Select a Year or Month report
2018 > Jan Feb Mar Apr May Jun Jul Aug Sep Oct Nov Dec
2017 > Jan Feb Mar Apr May Jun Jul Aug Sep Oct Nov Dec
2016 > Jan Feb Mar Apr May Jun Jul Aug Sep Oct Nov Dec
2015 > Jan Feb Mar Apr May Jun Jul Aug Sep Oct Nov Dec

Report for 2016 Oct
                   Monthly Climatological Summary for Oct 2016

Name: Iwanui   City: Waitara, Taranaki.   State: New Zealand
Elevation: 19 m  Lat: S 39 00' 49"   Lon: E 174 25' 46"

                  Temperature (C), Rain (mm), Wind Speed (km/h)

                                      Heat  Cool        Avg
    Mean                              Deg   Deg         Wind                 Dom
Day Temp  High   Time   Low    Time   Days  Days  Rain  Speed High   Time    Dir
----------------------------------------------------------------------------------
 1  15.7  19.1   13:42  14.1   03:19   2.6   0.0   0.3   9.7  29.5   14:14     E
 2  16.5  21.1   13:22  14.0   22:07   2.2   0.4   6.9   9.6  39.2   06:55   ENE
 3  16.1  21.2   13:14  12.8   22:04   2.4   0.2   5.7   6.4  24.5   12:22    NE
 4  15.2  20.5   11:46  11.4   04:41   3.2   0.1   9.3   6.4  35.6   22:31    NE
 5  15.9  19.2   16:57  13.2   06:07   2.4   0.1   5.4  14.1  43.9   11:04    NW
 6  14.8  18.1   16:53  10.3   21:17   3.5   0.0   9.9  13.7  47.9   14:51   NNW
 7  12.6  18.7   14:16   6.3   23:55   5.7   0.0   7.2   5.9  36.7   03:14     W
 8  13.6  18.8   11:00   5.7   01:18   4.7   0.0   0.3   8.4  30.6   16:03   NNW
 9  15.5  19.5   16:27  11.4   23:19   2.8   0.0   1.8  10.1  54.0   05:07   NNW
10  14.5  21.4   11:59   8.2   06:37   4.3   0.5   0.0   6.1  29.5   00:52   NNW
11  15.3  21.4   17:45  11.0   00:36   3.3   0.2   0.3   5.5  28.1   13:24     E
12  15.2  18.8   17:01   8.6   23:44   3.1   0.0   3.0  12.5  34.2   05:32   NNW
13  13.7  19.9   16:03   5.5   06:06   4.7   0.1   0.0   5.7  29.5   10:03   NNW
14  14.1  18.6   16:07  10.8   22:25   4.2   0.0   8.7  11.4  43.9   10:23   NNE
15  12.5  18.7   15:07   6.6   23:55   5.8   0.0   3.0   5.2  45.4   13:02   SSE
16  13.4  19.1   14:15   4.9   05:34   4.9   0.0   0.0  10.9  41.8   14:35    NW
17  16.5  21.8   15:50  13.4   06:41   2.3   0.4   0.0  12.8  42.8   05:25    NW
18  16.0  23.8   10:15   9.5   03:14   3.1   0.8   0.0   6.3  30.6   11:25   NNW
19  16.9  21.6   17:34  14.4   01:18   1.9   0.5   1.2   6.0  23.4   10:18   NNE
20  17.0  21.0   14:25  14.2   20:14   1.7   0.4   0.6   4.6  23.4   12:49    NW
21  14.3  19.2   08:46  10.3   06:30   4.1   0.0   4.2   9.7  50.0   18:30   SSE
22  13.7  19.3   12:36   8.6   23:58   4.7   0.0   0.0  10.0  36.7   13:39   ESE
23  13.5  21.9   11:23   4.9   02:54   5.2   0.4   0.0   4.5  23.4   14:29     N
24  15.6  20.3   14:10  10.6   04:33   2.9   0.2   0.0   5.8  25.6   14:47     E
25  15.5  18.4   15:45  13.7   07:13   2.8   0.0  18.9  13.3  43.9   08:50   ENE
26  16.2  20.4   12:37  13.5   22:40   2.3   0.2   7.2  13.8  45.4   14:53     N
27  16.0  20.7   13:30  11.5   06:22   2.7   0.4   0.0   7.1  30.6   13:58    NW
28  15.5  20.5   12:06   9.3   02:35   3.1   0.3   3.6   8.2  30.6   20:36   NNW
29  14.8  20.4   14:51   8.9   22:22   3.8   0.3   0.0   9.2  36.7   13:37    NW
30  12.0  18.5   13:13   6.2   06:11   6.3   0.0   0.0   9.7  40.3   14:56   ESE
31  12.6  20.9   17:36   4.5   03:26   6.0   0.3   0.0   5.4  25.6   10:17   ENE
----------------------------------------------------------------------------------
    14.9  23.8    18     4.5    31   112.7   5.8  97.5   8.6  54.0     9       N

Max >=  27.0:  0
Max <=   0.0:  0
Min <=   0.0:  0
Min <= -18.0:  0
Max Rain: 18.9 on day 25
Days of Rain: 19 (>= 0.2 mm)  13 (>= 2.0 mm)  0 (>= 20.0 mm)
Heat Base: 18.3  Cool Base: 18.3  Method: Integration