NOAA Climate Reports

Select a Year or Month report
2018 > Jan Feb Mar Apr May Jun Jul Aug Sep Oct Nov Dec
2017 > Jan Feb Mar Apr May Jun Jul Aug Sep Oct Nov Dec
2016 > Jan Feb Mar Apr May Jun Jul Aug Sep Oct Nov Dec
2015 > Jan Feb Mar Apr May Jun Jul Aug Sep Oct Nov Dec

Report for 2016 Sep
                   Monthly Climatological Summary for Sep 2016

Name: Iwanui   City: Waitara, Taranaki.   State: New Zealand
Elevation: 19 m  Lat: S 39 00' 49"   Lon: E 174 25' 46"

                  Temperature (C), Rain (mm), Wind Speed (km/h)

                                      Heat  Cool        Avg
    Mean                              Deg   Deg         Wind                 Dom
Day Temp  High   Time   Low    Time   Days  Days  Rain  Speed High   Time    Dir
----------------------------------------------------------------------------------
 1  12.5  14.4   10:19   8.6   00:00   5.8   0.0   0.0   5.2  22.0   09:51    NE
 2  13.7  16.9   12:08  11.7   00:00   4.6   0.0   7.5   8.2  28.1   15:32     N
 3  13.9  17.9   16:25  12.6   02:51   4.4   0.0   0.0   7.9  33.1   09:28   WNW
 4  14.3  14.9   08:14  13.3   00:00   4.0   0.0  15.0   9.7  41.8   15:58   NNE
 5  13.3  17.3   10:36  11.9   08:55   5.0   0.0   6.9  15.7  54.0   05:19    NW
 6  14.3  20.4   13:59   9.5   21:54   4.2   0.2   0.0   6.9  35.6   01:13     W
 7  12.2  17.3   12:53   9.5   21:25   6.1   0.0   4.2  12.7  61.2   14:05   WNW
 8   8.1  12.1   12:14   5.5   19:28  10.2   0.0  10.5  15.4  58.7   13:30     W
 9   9.6  13.9   14:13   6.6   06:34   8.7   0.0   0.0  14.8  61.2   10:41     S
10  11.2  16.0   14:39   8.1   06:30   7.1   0.0   0.0  11.9  45.4   12:09     S
11  10.0  18.3   16:26   4.3   06:41   8.3   0.0   0.0   4.7  27.0   01:07   SSE
12  11.2  15.6   14:35   3.3   01:30   7.1   0.0   0.0   3.9  19.4   23:39    NW
13  13.2  16.0   09:05  10.6   05:12   5.1   0.0   9.6   5.5  22.0   08:33    NW
14  14.0  16.6   14:51  12.7   21:13   4.3   0.0   9.3   3.5  18.4   17:31   NNW
15  14.3  16.8   10:53  12.7   02:45   4.0   0.0   4.5   6.0  23.4   13:58   NNE
16  14.9  15.8   12:07  14.1   00:36   3.4   0.0   6.6  11.7  34.2   13:16     N
17  15.1  16.7   16:47  14.1   20:47   3.2   0.0  10.8  13.7  41.8   12:27   ENE
18  14.5  19.6   09:16  10.3   22:09   3.8   0.0   0.9   6.7  36.7   14:41   SSW
19  13.7  20.7   14:13   9.0   04:15   4.8   0.2   0.0   5.0  31.7   16:53   SSW
20  13.0  20.3   14:00   9.2   06:19   5.4   0.1   0.0   8.3  33.1   18:15   ESE
21  11.6  17.1   14:15   8.3   06:38   6.7   0.0   6.6   9.4  29.5   00:18   ESE
22  13.9  22.0   14:49   8.6   05:54   4.7   0.3   0.0   9.6  35.6   07:24    SE
23  14.6  22.6   17:08  11.2   06:26   3.9   0.1   2.4   5.2  18.4   05:20    SE
24  15.4  21.3   11:52  12.7   00:51   3.2   0.3  12.6   4.0  19.4   10:47     E
25  14.2  18.1   14:20  12.4   20:54   3.9   0.0  12.0   4.3  19.4   16:56   SSE
26  14.3  18.2   13:40  11.5   06:31   4.0   0.0   1.8   3.4  17.3   00:35    SE
27  16.7  23.9   13:11  13.3   02:06   2.5   1.0   0.6   3.8  18.4   12:51   ENE
28  16.2  22.3   15:04  12.1   06:54   2.9   0.7   3.3   3.5  17.3   12:44    NE
29  14.9  17.7   14:39  12.6   06:09   3.4   0.0   6.3   3.8  29.5   16:04   WNW
30  15.8  20.8   12:15  13.8   00:27   2.7   0.1   2.1   4.8  23.4   23:54   SSE
----------------------------------------------------------------------------------
    13.5  23.9    27     3.3    12   147.4   3.0 133.5   7.6  61.2     7       N

Max >=  27.0:  0
Max <=   0.0:  0
Min <=   0.0:  0
Min <= -18.0:  0
Max Rain: 15.0 on day 4
Days of Rain: 20 (>= 0.2 mm)  17 (>= 2.0 mm)  0 (>= 20.0 mm)
Heat Base: 18.3  Cool Base: 18.3  Method: Integration