NOAA Climate Reports

Select a Year or Month report
2018 > Jan Feb Mar Apr May Jun Jul Aug Sep Oct Nov Dec
2017 > Jan Feb Mar Apr May Jun Jul Aug Sep Oct Nov Dec
2016 > Jan Feb Mar Apr May Jun Jul Aug Sep Oct Nov Dec
2015 > Jan Feb Mar Apr May Jun Jul Aug Sep Oct Nov Dec

Report for 2016 Aug
                   Monthly Climatological Summary for Aug 2016

Name: Iwanui   City: Waitara, Taranaki.   State: New Zealand
Elevation: 19 m  Lat: S 39 00' 49"   Lon: E 174 25' 46"

                  Temperature (C), Rain (mm), Wind Speed (km/h)

                                      Heat  Cool        Avg
    Mean                              Deg   Deg         Wind                 Dom
Day Temp  High   Time   Low    Time   Days  Days  Rain  Speed High   Time    Dir
----------------------------------------------------------------------------------
 1  11.1  18.0   11:45   5.8   01:57   7.2   0.0  13.5   6.6  35.6   16:58     N
 2  11.5  18.5   12:36   8.0   03:56   6.8   0.0   0.3   4.6  28.1   14:20     W
 3  12.9  15.2   16:19   9.9   00:00   5.4   0.0  14.7   8.6  42.8   13:20     N
 4  11.6  14.4   12:58   8.9   18:31   6.7   0.0  15.9   5.2  43.9   00:18     N
 5   7.9  11.2   10:12   5.7   20:14  10.4   0.0   7.5  11.2  40.3   22:22   WSW
 6   7.9   9.8   13:08   6.2   00:00  10.4   0.0   0.0  16.8  61.2   14:06   WSW
 7   7.3  12.4   14:41   1.6   22:25  11.0   0.0   0.0  10.0  46.4   00:12   WSW
 8   6.7  14.9   15:33   0.8   02:48  11.6   0.0   0.0   5.6  25.6   23:07   WSW
 9   8.5  15.5   14:59   4.5   06:01   9.8   0.0   0.0   9.7  35.6   10:18   WSW
10   9.2  16.9   16:15   4.8   02:21   9.1   0.0   0.0   7.3  28.1   10:23   WSW
11  10.7  20.7   15:42   3.1   07:21   7.9   0.2   0.0   3.9  17.3   06:10    SW
12  10.4  16.1   12:34   3.2   07:09   7.9   0.0   6.3   5.4  34.2   23:33     N
13  13.3  16.8   10:21  10.0   21:53   5.1   0.0   2.7  11.3  35.6   00:18   NNW
14  11.5  15.7   11:24   7.2   07:37   6.8   0.0   0.0   4.9  27.0   11:38   WNW
15  11.4  17.7   15:30   6.6   05:51   6.9   0.0   0.3   3.0  15.8   03:19   ENE
16  12.2  20.6   15:32   6.6   07:34   6.3   0.2   0.3   4.1  19.4   11:03   WSW
17  10.3  19.0   11:47   4.6   23:47   8.0   0.0   0.3   4.4  22.0   15:37     W
18   9.8  17.8   15:08   4.0   02:59   8.5   0.0   0.0   3.1  17.3   11:04     N
19  10.0  19.6   15:32   2.9   05:55   8.4   0.0   0.0   3.2  17.3   14:29    NW
20  11.0  20.2   16:10   5.0   22:16   7.4   0.1   0.0   3.0  14.8   12:10     N
21   9.6  17.1   14:56   2.4   06:32   8.7   0.0   0.0   3.5  24.5   23:48   NNW
22  11.7  13.9   12:17   7.4   23:59   6.6   0.0   1.8  10.2  34.2   15:12     E
23  11.5  17.8   12:29   4.4   06:20   6.8   0.0   0.3   5.1  34.2   14:53    NW
24  10.0  23.8   18:00   6.1   03:29   8.6   0.1   9.9   6.2  34.2   18:20   ENE
25  12.1  23.8   15:50   9.9   00:08   6.4   0.1  16.5   5.2  22.0   07:22   ESE
26  14.0  17.0   14:51  11.0   22:43   4.3   0.0   9.3   9.5  52.6   23:24     N
27  12.2  16.5   15:21   7.5   23:58   6.1   0.0   1.8  15.3  57.6   02:00   WNW
28  11.8  18.0   12:22   6.0   04:43   6.5   0.0   0.0   4.4  25.6   12:38    NW
29  11.5  17.6   14:07   6.7   02:47   6.7   0.0   0.0   6.7  40.3   16:31   WNW
30  12.0  21.5   11:50   5.7   06:47   6.5   0.2   0.0   3.2  20.9   13:32    NW
31  11.3  18.1   15:49   6.0   00:00   7.0   0.0   0.0   3.9  14.8   16:13   ENE
----------------------------------------------------------------------------------
    10.7  23.8    24     0.8     8   235.8   0.9 101.4   6.6  61.2     6     WNW

Max >=  27.0:  0
Max <=   0.0:  0
Min <=   0.0:  0
Min <= -18.0:  0
Max Rain: 16.5 on day 25
Days of Rain: 16 (>= 0.2 mm)  9 (>= 2.0 mm)  0 (>= 20.0 mm)
Heat Base: 18.3  Cool Base: 18.3  Method: Integration