NOAA Climate Reports

Select a Year or Month report
2018 > Jan Feb Mar Apr May Jun Jul Aug Sep Oct Nov Dec
2017 > Jan Feb Mar Apr May Jun Jul Aug Sep Oct Nov Dec
2016 > Jan Feb Mar Apr May Jun Jul Aug Sep Oct Nov Dec
2015 > Jan Feb Mar Apr May Jun Jul Aug Sep Oct Nov Dec

Report for 2016 Jul
                   Monthly Climatological Summary for Jul 2016

Name: Iwanui   City: Waitara, Taranaki.   State: New Zealand
Elevation: 19 m  Lat: S 39 00' 49"   Lon: E 174 25' 46"

                  Temperature (C), Rain (mm), Wind Speed (km/h)

                                      Heat  Cool        Avg
    Mean                              Deg   Deg         Wind                 Dom
Day Temp  High   Time   Low    Time   Days  Days  Rain  Speed High   Time    Dir
----------------------------------------------------------------------------------
 1   8.7  15.3   15:10   3.1   23:30   9.6   0.0   0.0   9.1  42.8   00:18   ESE
 2   6.4  14.8   11:06  -0.3   06:03  11.9   0.0   0.0   3.0  15.8   13:02   NNE
 3   9.6  18.8   12:15   3.5   21:30   8.7   0.0   0.3   3.5  24.5   10:22    NE
 4   8.4  17.4   12:26   1.5   06:05   9.9   0.0   0.0   2.3  12.2   04:46     N
 5  12.2  18.5   14:42   5.6   23:45   6.1   0.0   1.8   3.4  24.5   03:09     W
 6   9.9  17.1   11:16   4.7   01:47   8.4   0.0   0.3   2.6  14.8   06:47    NW
 7  11.6  15.0   13:12   9.3   06:18   6.7   0.0   1.8   4.8  28.1   22:30   ESE
 8  12.7  18.0   12:11  10.4   05:35   5.6   0.0   7.2  13.7  49.0   20:25   SSE
 9  10.2  14.5   14:14   6.8   23:00   8.1   0.0   0.0  11.6  49.0   02:21    SE
10   9.6  17.3   15:27   5.1   05:42   8.7   0.0   0.0   6.0  20.9   00:52   NNE
11   8.0  18.4   15:33   1.7   07:10  10.3   0.0   0.0   2.6  15.8   14:07    NE
12   7.0  16.8   12:13   0.4   06:43  11.3   0.0   0.0   1.9  19.4   10:28   ENE
13  10.9  13.8   13:58   6.1   00:00   7.4   0.0  15.9  14.2  58.7   22:58    NE
14  13.0  16.3   14:43  10.0   23:49   5.3   0.0  13.2  17.1  62.3   00:56   WNW
15  12.2  17.3   11:02   8.3   23:26   6.1   0.0   4.5  12.7  58.7   15:13   WNW
16  11.5  16.8   15:37   6.8   02:30   6.8   0.0   0.9  10.1  46.4   13:53     W
17  12.3  16.0   14:33   9.2   23:59   5.9   0.0   2.7  14.6  55.1   11:01     W
18   9.6  20.6   15:15   3.6   04:49   8.7   0.1   0.0   2.7  19.4   14:47     W
19  10.1  14.7   14:22   2.8   04:31   8.2   0.0   8.7  10.8  57.6   20:11   WNW
20  12.8  17.9   12:18   9.2   02:09   5.5   0.0   2.4  12.0  62.3   01:56     W
21  12.0  19.0   15:31   4.3   23:42   6.3   0.0   0.3   8.5  41.8   08:30     W
22   9.7  14.7   13:47   3.4   01:55   8.6   0.0   2.4   4.4  23.4   18:11     E
23  14.6  23.8   09:54  10.8   00:00   3.9   0.1  19.2  15.3  55.1   23:08   NNE
24  14.1  16.9   13:54  10.0   23:13   4.2   0.0  14.7  19.5  57.6   22:50    NW
25  12.1  16.0   10:59   7.3   21:39   6.2   0.0   0.6  12.6  51.5   00:54    NW
26  10.4  18.3   12:50   3.5   22:28   7.9   0.0   0.6   2.6  14.8   04:58   SSW
27  13.3  18.2   12:17   5.9   00:00   5.0   0.0   1.2   7.8  31.7   09:23   NNW
28  13.4  18.3   13:59   9.4   23:46   4.9   0.0   7.8  14.7  61.2   23:30   NNW
29  11.2  16.3   14:40   7.3   23:12   7.1   0.0   8.4  14.6  69.8   02:17   WNW
30  10.4  15.2   10:05   5.5   06:05   7.9   0.0   8.4  11.0  56.2   17:46   NNW
31   9.6  13.7   12:44   6.7   06:04   8.7   0.0   8.1  12.0  60.1   10:14   WNW
----------------------------------------------------------------------------------
    10.9  23.8    23    -0.3     2   229.9   0.2 131.4   9.1  69.8    29      NW

Max >=  27.0:  0
Max <=   0.0:  0
Min <=   0.0:  1
Min <= -18.0:  0
Max Rain: 19.2 on day 23
Days of Rain: 23 (>= 0.2 mm)  14 (>= 2.0 mm)  0 (>= 20.0 mm)
Heat Base: 18.3  Cool Base: 18.3  Method: Integration