NOAA Climate Reports

Select a Year or Month report
2018 > Jan Feb Mar Apr May Jun Jul Aug Sep Oct Nov Dec
2017 > Jan Feb Mar Apr May Jun Jul Aug Sep Oct Nov Dec
2016 > Jan Feb Mar Apr May Jun Jul Aug Sep Oct Nov Dec
2015 > Jan Feb Mar Apr May Jun Jul Aug Sep Oct Nov Dec

Report for 2016 Jun
                   Monthly Climatological Summary for Jun 2016

Name: Iwanui   City: Waitara, Taranaki.   State: New Zealand
Elevation: 19 m  Lat: S 39 00' 49"   Lon: E 174 25' 46"

                  Temperature (C), Rain (mm), Wind Speed (km/h)

                                      Heat  Cool        Avg
    Mean                              Deg   Deg         Wind                 Dom
Day Temp  High   Time   Low    Time   Days  Days  Rain  Speed High   Time    Dir
----------------------------------------------------------------------------------
 1   9.7  16.1   14:44   5.5   23:50   8.6   0.0   0.0   8.2  31.7   13:30   WSW
 2   8.8  16.1   15:05   3.7   23:56   9.5   0.0   0.0   6.4  30.6   10:38     E
 3   8.3  19.6   12:45   1.4   07:02  10.0   0.0   0.0   1.3  13.3   04:16   WNW
 4   9.7  18.5   12:34   5.2   00:13   8.6   0.0   0.0   1.6  12.2   00:47     N
 5  10.4  17.3   10:47   6.7   07:42   7.9   0.0   0.0   1.9   9.7   04:34    NE
 6   9.3  17.9   15:37   4.8   05:54   9.1   0.0   0.0   3.8  18.4   11:25   NNW
 7   9.6  18.1   14:50   3.2   02:13   8.7   0.0   0.0   4.9  30.6   13:09     E
 8  12.4  18.8   11:33   7.4   01:40   5.9   0.0   0.0   5.1  22.0   14:19     E
 9  15.5  18.5   12:37   9.5   00:20   2.8   0.0   0.3  10.1  40.3   18:54   ENE
10  16.3  18.1   00:19  13.9   21:42   2.0   0.0   9.0  13.0  40.3   00:26     N
11  14.0  19.3   12:18   5.8   23:58   4.3   0.0   0.6   5.5  25.6   12:25   WNW
12  12.6  18.7   10:15   5.5   01:19   5.7   0.0   6.9   8.5  37.8   17:16   WNW
13  10.4  18.3   12:13   3.9   23:42   7.9   0.0   0.0   3.8  27.0   00:41     W
14  11.4  17.7   12:09   4.0   00:00   6.9   0.0   0.0   6.4  31.7   13:38     W
15  14.2  18.3   12:01  11.3   22:02   4.1   0.0   1.2   7.8  29.5   11:16     W
16  12.4  18.0   15:02   6.5   19:45   5.9   0.0   0.6   3.9  29.5   10:27     W
17  12.6  17.6   14:58  10.0   07:22   5.7   0.0   0.3   4.7  29.5   15:49   WNW
18  12.9  17.9   12:49   9.0   08:13   5.4   0.0   0.0   5.2  30.6   16:24     W
19  12.1  21.1   15:38   6.1   05:54   6.3   0.1   0.0   3.0  23.4   12:48   WNW
20  14.0  18.3   14:56  10.3   04:21   4.3   0.0   0.0   3.4  19.4   12:50    NE
21  15.2  16.7   12:14  13.4   05:42   3.0   0.0   0.0  10.7  36.7   22:47    NE
22  16.1  17.1   11:38  14.8   06:34   2.2   0.0  15.6  12.8  49.0   06:14    NE
23  15.5  17.7   13:40  12.4   22:56   2.8   0.0  19.8  14.3  40.3   12:09    NW
24  13.5  18.6   12:32   8.5   20:34   4.8   0.0   1.2   8.5  43.9   05:40     W
25  12.1  15.1   23:42   8.3   02:33   6.2   0.0  12.0   7.0  34.2   12:29     E
26  14.8  17.8   11:50  11.7   22:58   3.5   0.0  13.8  15.8  52.6   13:26   NNW
27  13.6  17.1   14:03  10.6   00:40   4.7   0.0  18.9  10.8  43.9   05:42    NW
28  13.4  18.0   11:04   9.8   19:47   4.9   0.0   3.9   6.7  29.5   14:03   WNW
29  11.1  12.5   06:08  10.3   01:13   7.2   0.0  10.2   4.4  24.5   21:05   SSW
30  11.2  13.6   12:29   9.3   21:17   7.1   0.0   0.3  11.5  47.9   13:32    SW
----------------------------------------------------------------------------------
    12.4  21.1    19     1.4     3   176.0   0.1 114.6   7.0  52.6    26      NW

Max >=  27.0:  0
Max <=   0.0:  0
Min <=   0.0:  0
Min <= -18.0:  0
Max Rain: 19.8 on day 23
Days of Rain: 16 (>= 0.2 mm)  9 (>= 2.0 mm)  0 (>= 20.0 mm)
Heat Base: 18.3  Cool Base: 18.3  Method: Integration