NOAA Climate Reports

Select a Year or Month report
2018 > Jan Feb Mar Apr May Jun Jul Aug Sep Oct Nov Dec
2017 > Jan Feb Mar Apr May Jun Jul Aug Sep Oct Nov Dec
2016 > Jan Feb Mar Apr May Jun Jul Aug Sep Oct Nov Dec
2015 > Jan Feb Mar Apr May Jun Jul Aug Sep Oct Nov Dec

Report for 2016 May
                   Monthly Climatological Summary for May 2016

Name: Iwanui   City: Waitara, Taranaki.   State: New Zealand
Elevation: 19 m  Lat: S 39 00' 49"   Lon: E 174 25' 46"

                  Temperature (C), Rain (mm), Wind Speed (km/h)

                                      Heat  Cool        Avg
    Mean                              Deg   Deg         Wind                 Dom
Day Temp  High   Time   Low    Time   Days  Days  Rain  Speed High   Time    Dir
----------------------------------------------------------------------------------
 1  16.1  21.5   13:55  10.0   03:58   2.6   0.4   0.0   5.7  27.0   13:09   NNE
 2  17.6  23.5   15:17  12.5   03:58   1.9   1.1   0.0   4.1  23.4   14:30   NNW
 3  18.9  22.7   10:25  17.8   01:34   0.1   0.7   0.3   7.2  24.5   10:45   NNW
 4  18.6  21.6   12:51  16.5   05:07   0.3   0.6   0.0   6.4  24.5   12:52   NNE
 5  18.8  20.1   14:38  17.6   23:02   0.1   0.6   4.8   8.9  40.3   07:11     N
 6  17.0  23.0   12:58  12.4   20:54   1.8   0.6   0.3   2.3  14.8   14:13    NW
 7  15.9  23.3   11:31  10.0   06:45   3.3   0.8   0.0   2.4  19.4   14:38   WNW
 8  16.6  24.0   15:36   9.9   07:07   2.6   0.9   0.0   1.7  14.8   11:19   NNW
 9  16.8  23.0   12:38  10.4   07:32   2.6   1.1   0.0   3.4  20.9   13:01   WNW
10  15.2  20.9   09:22   9.7   04:52   3.2   0.1   0.0   2.7  15.8   12:09    NE
11  18.4  19.4   21:03  16.0   00:00   0.2   0.4   5.7  11.9  35.6   17:18   NNE
12  18.4  22.0   14:11  16.0   06:30   0.5   0.6   2.7  10.8  36.7   09:59    NW
13  18.9  23.8   06:20  16.1   09:34   0.2   0.9   3.9   9.9  42.8   08:13    NW
14  17.7  21.9   12:11  14.2   07:41   1.1   0.5   0.0   8.8  30.6   00:00     W
15  18.3  23.6   14:23  15.4   04:57   0.9   0.9   0.0   5.7  22.0   00:42   WNW
16  17.1  22.2   11:51  12.6   20:05   1.6   0.4  12.6  10.3  50.0   22:02    NW
17  13.6  20.9   15:25   8.5   20:59   4.8   0.1   1.5   5.3  45.4   00:13     W
18  15.4  19.2   14:16   8.8   00:42   3.0   0.0   6.0  14.6  56.2   10:16    NW
19  14.7  18.8   11:57  10.3   23:00   3.6   0.0   5.1   9.1  37.8   14:22     W
20  15.7  20.7   10:33  10.1   00:09   2.7   0.1  20.4  11.2  45.4   16:06    NW
21  13.7  17.3   09:28  10.5   23:18   4.6   0.0   6.9   9.8  46.4   11:58    NW
22  11.0  18.1   11:47   4.2   06:10   7.3   0.0   2.7   8.6  52.6   19:34     W
23  10.9  17.1   15:06   3.8   02:48   7.4   0.0   5.7   5.7  36.7   23:11   WNW
24  14.4  16.9   16:28  11.7   00:19   3.9   0.0  17.1  12.8  49.0   22:05    NW
25  14.5  18.6   13:29  10.1   22:50   3.8   0.0  10.8  13.6  52.6   00:41    NW
26  14.4  19.2   11:59  11.8   00:01   3.9   0.0   6.6  10.7  42.8   12:26   WNW
27  15.1  20.3   11:17  12.5   05:51   3.2   0.0   7.5   7.3  43.9   23:21   NNW
28  17.1  21.1   11:57  14.0   04:38   1.4   0.2  36.9  16.7  56.2   06:43     N
29  14.5  18.5   11:43  10.5   22:06   3.8   0.0   3.3   9.7  55.1   00:45   WNW
30  12.9  18.3   12:20   8.0   22:17   5.4   0.0   0.9   7.2  37.8   13:13     W
31   9.8  16.9   11:19   5.0   21:33   8.5   0.0   2.7   4.6  37.8   05:38     W
----------------------------------------------------------------------------------
    15.7  24.0     8     3.8    23    90.3  11.0 164.4   8.0  56.2    18      NW

Max >=  27.0:  0
Max <=   0.0:  0
Min <=   0.0:  0
Min <= -18.0:  0
Max Rain: 36.9 on day 28
Days of Rain: 22 (>= 0.2 mm)  18 (>= 2.0 mm)  2 (>= 20.0 mm)
Heat Base: 18.3  Cool Base: 18.3  Method: Integration