NOAA Climate Reports

Select a Year or Month report
2018 > Jan Feb Mar Apr May Jun Jul Aug Sep Oct Nov Dec
2017 > Jan Feb Mar Apr May Jun Jul Aug Sep Oct Nov Dec
2016 > Jan Feb Mar Apr May Jun Jul Aug Sep Oct Nov Dec
2015 > Jan Feb Mar Apr May Jun Jul Aug Sep Oct Nov Dec

Report for 2016 Apr
                   Monthly Climatological Summary for Apr 2016

Name: Iwanui   City: Waitara, Taranaki.   State: New Zealand
Elevation: 19 m  Lat: S 39 00' 49"   Lon: E 174 25' 46"

                  Temperature (C), Rain (mm), Wind Speed (km/h)

                                      Heat  Cool        Avg
    Mean                              Deg   Deg         Wind                 Dom
Day Temp  High   Time   Low    Time   Days  Days  Rain  Speed High   Time    Dir
----------------------------------------------------------------------------------
 1  19.3  24.0   15:28  15.9   04:19   0.4   1.4   0.6  12.1  34.2   22:54   ENE
 2  20.5  24.9   14:05  17.3   00:43   0.1   2.3  19.5  12.5  35.6   01:16   NNE
 3  19.9  25.1   14:14  15.6   23:39   0.3   2.0   3.0   5.2  24.5   14:31   WNW
 4  18.0  24.8   13:41  13.4   23:55   1.8   1.5   0.6   4.7  29.5   22:10     W
 5  15.8  22.5   14:49  10.9   23:58   3.4   0.9   0.0   8.2  34.2   12:09    SW
 6  15.3  24.1   13:55   8.4   05:39   4.3   1.3   0.0   4.3  23.4   14:56   WSW
 7  17.1  24.3   15:14   9.0   06:06   2.9   1.7   0.0   4.0  24.5   13:12   WNW
 8  18.8  24.7   11:53  12.5   21:03   1.1   1.7   3.6   8.4  36.7   07:02   WNW
 9  17.3  25.0   11:45  11.4   02:03   2.7   1.7   0.0   3.6  15.8   14:00    NW
10  17.7  24.4   15:52  12.2   23:23   1.9   1.3   0.0   2.9  22.0   14:40     N
11  16.8  24.4   12:00   9.5   05:40   3.0   1.4   0.0   3.3  18.4   13:06   NNW
12  19.7  24.3   12:04  16.5   23:56   0.3   1.7   2.7   8.8  35.6   13:18    NW
13  16.6  24.1   12:27  12.3   23:57   2.7   0.9   2.1   4.9  29.5   15:45   WSW
14  15.3  25.0   15:43   8.3   22:55   4.3   1.3   0.0   5.4  24.5   00:12     W
15  15.3  25.4   15:23   6.9   03:44   4.7   1.7   0.0   3.3  17.3   05:47     W
16  14.4  22.8   14:31   7.4   05:35   4.7   0.8   0.0   2.7  18.4   12:47    NE
17  17.0  26.4   12:04  11.5   03:08   2.7   1.4   0.3   2.5  15.8   08:25    NW
18  16.4  22.6   14:29   9.9   06:08   3.0   1.1   0.0   6.9  46.4   13:02   WSW
19  16.1  24.5   16:00  10.1   05:51   3.6   1.5   0.0   4.4  17.3   02:49    NW
20  14.4  23.8   14:54   7.0   04:05   4.9   1.0   0.0   3.8  25.6   13:32   WNW
21  15.5  24.4   16:14   9.8   00:00   4.2   1.5   0.0   3.0  18.4   12:43   NNE
22  14.3  19.7   15:00  10.6   00:25   4.1   0.0   0.3   2.2  19.4   15:04     N
23  17.4  23.5   12:10  11.6   02:14   1.9   1.0   0.9   7.4  36.7   17:10   NNW
24  16.2  24.6   15:08  10.7   20:30   2.6   0.5   3.6   7.0  34.2   02:57     W
25  16.2  24.3   12:45   9.4   06:52   3.5   1.3   0.0   5.4  29.5   04:34     W
26  16.8  25.0   12:26   7.6   23:58   3.2   1.6   0.0   5.6  41.8   02:17     W
27  14.6  23.6   11:35   7.0   00:58   4.7   1.0   0.0   4.4  29.5   14:44   WNW
28  15.3  22.3   14:22   9.6   06:13   3.5   0.5   0.0   4.1  27.0   13:28     W
29  15.6  20.6   14:48  11.3   22:53   2.8   0.1   0.0   5.0  28.1   10:30     W
30  15.7  26.2   16:23   9.1   02:21   3.9   1.3   0.0   3.5  23.4   12:25   ENE
----------------------------------------------------------------------------------
    16.6  26.4    17     6.9    15    87.2  37.4  37.2   5.3  46.4    18     WNW

Max >=  27.0:  0
Max <=   0.0:  0
Min <=   0.0:  0
Min <= -18.0:  0
Max Rain: 19.5 on day 2
Days of Rain: 11 (>= 0.2 mm)  6 (>= 2.0 mm)  0 (>= 20.0 mm)
Heat Base: 18.3  Cool Base: 18.3  Method: Integration