NOAA Climate Reports

Select a Year or Month report
2018 > Jan Feb Mar Apr May Jun Jul Aug Sep Oct Nov Dec
2017 > Jan Feb Mar Apr May Jun Jul Aug Sep Oct Nov Dec
2016 > Jan Feb Mar Apr May Jun Jul Aug Sep Oct Nov Dec
2015 > Jan Feb Mar Apr May Jun Jul Aug Sep Oct Nov Dec

Report for 2016 Mar
                   Monthly Climatological Summary for Mar 2016

Name: Iwanui   City: Waitara, Taranaki.   State: New Zealand
Elevation: 19 m  Lat: S 39 00' 49"   Lon: E 174 25' 46"

                  Temperature (C), Rain (mm), Wind Speed (km/h)

                                      Heat  Cool        Avg
    Mean                              Deg   Deg         Wind                 Dom
Day Temp  High   Time   Low    Time   Days  Days  Rain  Speed High   Time    Dir
----------------------------------------------------------------------------------
 1  19.1  28.8   16:08  13.4   07:12   1.4   2.2   0.0   6.5  30.6   20:29    SW
 2  20.1  29.5   15:13  14.1   07:24   1.3   3.1   0.0   6.9  28.1   08:38   SSW
 3  18.0  25.3   17:12  12.5   07:06   1.6   1.3   7.8   4.9  23.4   15:46   WNW
 4  19.5  26.9   18:46  12.4   07:28   1.7   3.0   0.0   4.3  25.6   15:37   WNW
 5  19.2  25.3   13:03  11.8   06:43   1.8   2.7   0.0   5.4  28.1   15:13   WNW
 6  21.7  26.2   17:00  17.6   00:53   0.0   3.4   0.0  10.9  40.3   14:47     W
 7  22.7  27.9   15:47  19.7   03:28   0.0   4.4   0.0  12.4  35.6   11:42     W
 8  21.5  25.2   13:30  18.6   23:56   0.0   3.2   0.0  10.7  40.3   14:08   WNW
 9  19.0  25.3   16:27  11.6   07:20   1.7   2.3   0.0   5.5  28.1   02:02   WNW
10  18.1  24.8   15:04  11.0   02:23   2.1   1.8   1.8   6.9  36.7   16:12    NW
11  18.2  22.7   12:41  11.4   23:59   1.7   1.6   1.2   9.8  40.3   16:10    SW
12  15.3  24.5   17:56   9.2   23:08   4.3   1.4   0.0   5.8  31.7   00:54    SW
13  17.1  25.4   15:19   7.8   03:36   3.1   1.9   0.0   4.7  22.0   15:26    NW
14  20.2  26.2   13:32  15.7   07:35   0.7   2.6   1.5   4.7  24.5   20:16    NW
15  20.2  25.1   11:30  15.8   23:57   0.3   2.2   3.3   5.2  35.6   01:25    NW
16  19.3  26.2   15:14  14.4   22:41   0.9   2.0   4.5   5.5  29.5   18:31     W
17  17.5  21.1   15:26  13.9   03:51   1.7   0.9  22.5   4.0  17.3   15:21    NE
18  20.1  25.0   17:37  17.0   05:11   0.3   2.1   2.4   6.5  27.0   21:48   ENE
19  20.8  26.2   15:25  16.6   02:51   0.2   2.7   0.0   8.5  37.8   23:15    NE
20  21.0  26.8   16:22  17.4   04:50   0.2   2.9   0.9   6.9  29.5   17:56    NE
21  21.5  28.8   17:22  14.9   07:30   0.6   3.8   0.3   6.0  27.0   21:12   ENE
22  21.0  27.0   15:11  14.4   03:55   0.5   3.1   0.0   6.0  34.2   19:34   ENE
23  21.0  24.0   10:29  16.1   01:45   0.3   3.0   0.3  13.8  43.9   21:42   ENE
24  21.8  26.8   15:32  16.7   22:57   0.1   3.5  12.0  11.7  67.3   03:19   NNE
25  20.2  27.3   15:11  15.8   04:45   0.7   2.5   0.3   6.9  30.6   21:22    NW
26  19.2  25.2   15:24  15.7   06:31   0.8   1.8   0.6   5.0  19.4   14:43    NE
27  19.4  26.4   13:24  14.4   23:51   1.0   2.1   0.0   5.3  28.1   14:29   WNW
28  18.8  25.0   10:17  13.2   23:59   1.7   2.2   0.0   4.5  25.6   14:58   WNW
29  16.8  23.9   13:31   9.9   04:13   3.2   1.7   0.0   5.2  30.6   16:56     W
30  18.2  28.0   14:58   9.8   06:12   2.6   2.6   0.0   4.1  31.7   15:13     W
31  17.9  23.9   15:06  10.5   07:34   2.2   1.8   0.0   4.6  23.4   23:50   NNE
----------------------------------------------------------------------------------
    19.5  29.5     2     7.8    13    38.7  75.8  59.4   6.7  67.3    24      NW

Max >=  27.0:  7
Max <=   0.0:  0
Min <=   0.0:  0
Min <= -18.0:  0
Max Rain: 22.5 on day 17
Days of Rain: 14 (>= 0.2 mm)  6 (>= 2.0 mm)  1 (>= 20.0 mm)
Heat Base: 18.3  Cool Base: 18.3  Method: Integration