NOAA Climate Reports

Select a Year or Month report
2018 > Jan Feb Mar Apr May Jun Jul Aug Sep Oct Nov Dec
2017 > Jan Feb Mar Apr May Jun Jul Aug Sep Oct Nov Dec
2016 > Jan Feb Mar Apr May Jun Jul Aug Sep Oct Nov Dec
2015 > Jan Feb Mar Apr May Jun Jul Aug Sep Oct Nov Dec

Report for 2016 Feb
                   Monthly Climatological Summary for Feb 2016

Name: Iwanui   City: Waitara, Taranaki.   State: New Zealand
Elevation: 19 m  Lat: S 39 00' 49"   Lon: E 174 25' 46"

                  Temperature (C), Rain (mm), Wind Speed (km/h)

                                      Heat  Cool        Avg
    Mean                              Deg   Deg         Wind                 Dom
Day Temp  High   Time   Low    Time   Days  Days  Rain  Speed High   Time    Dir
----------------------------------------------------------------------------------
 1  21.2  27.8   16:17  16.8   03:12   0.2   3.1  19.8   5.2  23.4   14:03   NNW
 2  22.7  27.8   17:37  17.3   06:15   0.1   4.5   0.0   4.9  29.5   17:42    NW
 3  23.6  29.8   18:24  17.3   04:44   0.1   5.4   0.0   5.2  23.4   14:46   NNW
 4  22.4  27.9   17:33  20.0   00:26   0.0   4.1   0.9   6.9  29.5   01:47   NNE
 5  22.5  28.4   15:13  18.0   06:22   0.0   4.3   2.1   5.1  24.5   00:50     E
 6  22.6  29.0   12:40  19.7   02:29   0.0   4.3   2.4   5.6  28.1   20:26     E
 7  24.3  32.5   18:16  17.6   06:46   0.0   6.1   0.3   5.8  22.0   04:01   WSW
 8  22.9  29.4   15:55  16.8   06:12   0.2   4.8   0.0   5.7  19.4   01:33    NW
 9  21.4  28.9   11:08  16.6   06:45   0.3   3.4   0.0   7.7  37.8   16:00   WNW
10  23.8  30.8   13:23  17.2   00:42   0.1   5.5   0.0   6.2  28.1   08:40   WNW
11  23.0  27.8   13:36  17.6   23:57   0.0   4.7   0.0   6.6  22.0   17:30    NW
12  20.2  26.2   13:24  12.5   05:24   1.5   3.4   0.0   4.6  20.9   13:11   WNW
13  21.2  28.7   16:25  13.3   06:51   1.4   4.3   0.0   5.0  23.4   18:39   WNW
14  22.8  29.4   17:03  16.3   05:54   0.2   4.7   0.0   4.0  22.0   14:06   NNW
15  22.6  28.3   16:36  15.8   06:42   0.2   4.5   1.8   6.4  27.0   11:11    NE
16  22.4  26.6   17:13  18.8   07:11   0.0   4.1   2.1   8.5  37.8   21:40   NNE
17  20.5  21.9   14:09  19.2   06:59   0.0   2.2  21.6  17.4  56.2   17:44    NE
18  22.4  26.2   16:48  19.2   00:00   0.0   4.1  21.9  16.1  64.8   01:52     N
19  21.5  25.3   16:48  17.7   22:24   0.0   3.2   7.8  11.6  40.3   05:45    NW
20  20.2  25.2   16:45  14.4   06:03   0.7   2.6   1.8   7.2  33.1   13:44     W
21  21.0  29.5   11:07  14.0   07:23   1.0   3.7   0.0   6.0  33.1   15:40     W
22  21.0  28.5   17:02  14.4   00:00   1.0   3.7   0.0   4.6  19.4   04:04    NW
23  20.8  26.2   12:19  15.6   01:04   0.5   3.0   0.0   4.8  28.1   13:21   WNW
24  19.3  26.3   12:32  12.4   07:26   1.6   2.6   0.0   4.3  24.5   14:28   WNW
25  20.9  26.2   14:00  13.6   00:38   0.3   2.9   0.0   7.6  34.2   16:02   WNW
26  21.1  26.9   15:45  14.1   06:30   0.7   3.6   0.0   4.1  23.4   17:22    NW
27  21.0  24.5   10:00  17.3   05:42   0.0   2.8   5.7   4.5  25.6   14:08   NNW
28  22.1  26.8   13:35  18.1   07:10   0.0   3.8   0.3   3.4  23.4   13:00    NW
29  21.5  26.7   13:39  16.0   23:49   0.1   3.2   2.4   6.0  25.6   15:59   WNW
----------------------------------------------------------------------------------
    21.8  32.5     7    12.4    24    10.2 112.6  90.9   6.6  64.8    18     NNW

Max >=  27.0: 16
Max <=   0.0:  0
Min <=   0.0:  0
Min <= -18.0:  0
Max Rain: 21.9 on day 18
Days of Rain: 14 (>= 0.2 mm)  9 (>= 2.0 mm)  2 (>= 20.0 mm)
Heat Base: 18.3  Cool Base: 18.3  Method: Integration