NOAA Climate Reports

Select a Year or Month report
2018 > Jan Feb Mar Apr May Jun Jul Aug Sep Oct Nov Dec
2017 > Jan Feb Mar Apr May Jun Jul Aug Sep Oct Nov Dec
2016 > Jan Feb Mar Apr May Jun Jul Aug Sep Oct Nov Dec
2015 > Jan Feb Mar Apr May Jun Jul Aug Sep Oct Nov Dec

Report for 2016 Jan
                   Monthly Climatological Summary for Jan 2016

Name: Iwanui   City: Waitara, Taranaki.   State: New Zealand
Elevation: 19 m  Lat: S 39 00' 49"   Lon: E 174 25' 46"

                  Temperature (C), Rain (mm), Wind Speed (km/h)

                                      Heat  Cool        Avg
    Mean                              Deg   Deg         Wind                 Dom
Day Temp  High   Time   Low    Time   Days  Days  Rain  Speed High   Time    Dir
----------------------------------------------------------------------------------
 1  21.1  25.4   12:24  15.7   05:16   0.2   3.0   0.0   5.1  27.0   17:54   ENE
 2  18.8  22.3   12:04  16.8   21:56   0.4   0.9   3.6   9.5  35.6   14:06   ENE
 3  18.9  22.4   13:39  15.2   23:32   0.6   1.1  13.5   6.5  35.6   23:13   NNW
 4  17.5  23.2   17:12  13.2   05:39   1.8   1.0   0.0  12.9  47.9   03:49     S
 5  16.8  23.9   20:13   9.6   04:38   2.9   1.4   0.0   6.7  22.0   13:49     W
 6  18.1  24.3   15:51  11.4   05:57   2.1   1.9   0.0   6.2  24.5   16:27    NW
 7  19.5  24.1   16:02  15.2   00:00   0.4   1.6   0.0   9.9  37.8   14:03   NNE
 8  19.3  20.5   17:59  17.3   23:58   0.0   1.0  39.1  15.8  51.5   08:21     N
 9  19.1  24.3   16:15  14.7   05:38   1.2   2.0   0.0  12.2  42.8   10:45     W
10  18.8  23.0   18:22  15.2   23:55   0.9   1.4   0.3  12.4  42.8   14:42     W
11  17.5  23.8   18:41   8.6   04:40   2.5   1.7   0.0   3.9  20.9   12:04     N
12  19.0  23.7   14:49  14.4   23:47   0.7   1.4   1.8   6.0  28.1   18:32   WNW
13  19.2  22.7   13:55  15.6   06:30   0.5   1.4   0.0   9.3  34.2   13:03   WNW
14  20.2  25.6   14:22  13.8   05:02   1.0   2.9   0.0   5.5  19.4   11:47     N
15  20.6  24.7   13:17  17.6   05:25   0.0   2.4   0.0   5.9  25.6   14:11    NW
16  21.5  25.6   16:12  15.7   23:00   0.2   3.4   0.0   6.1  22.0   13:30   NNW
17  20.8  28.1   14:53  12.5   05:46   1.4   3.8   0.6   3.7  22.0   12:56    NE
18  20.5  23.6   14:14  17.8   22:16   0.0   2.2   0.0   9.3  36.7   11:25   ENE
19  19.9  23.4   15:49  17.0   03:49   0.2   1.8   0.0  10.0  34.2   07:56     N
20  20.7  25.6   13:04  15.2   23:13   0.3   2.7   0.0   5.9  23.4   10:10   NNW
21  20.0  25.5   13:03  13.0   23:55   0.7   2.4   0.0   5.1  24.5   18:27   WNW
22  19.2  25.4   16:15  11.5   03:03   2.0   2.9   0.0   5.4  24.5   12:04   WNW
23  21.5  26.3   15:16  16.7   23:45   0.2   3.4   0.0   6.3  27.0   19:25   WNW
24  21.2  28.0   09:45  13.7   06:25   1.0   3.9   0.0   3.7  20.9   11:39   NNW
25  22.3  29.5   17:48  15.2   05:12   0.6   4.6   0.0   3.1  15.8   13:24   NNW
26  22.6  29.5   16:05  16.5   04:10   0.3   4.7   0.0   4.6  24.5   16:34    NW
27  21.8  26.3   17:39  18.6   23:51   0.0   3.5   0.9   6.9  30.6   20:11   ESE
28  19.9  24.7   15:33  16.9   22:32   0.2   1.8   0.3  11.6  39.2   11:09   SSE
29  21.2  28.7   11:37  14.4   06:14   0.8   3.7   0.0   7.1  34.2   02:44     W
30  21.5  29.3   15:52  16.6   02:06   0.2   3.4   0.0   4.8  25.6   23:37   WNW
31  22.9  31.8   18:28  16.0   06:13   0.4   5.0   0.0   7.5  23.4   07:55     W
----------------------------------------------------------------------------------
    20.1  31.8    31     8.6    11    23.7  78.3  60.1   7.4  51.5     8      NW

Max >=  27.0:  7
Max <=   0.0:  0
Min <=   0.0:  0
Min <= -18.0:  0
Max Rain: 39.1 on day 8
Days of Rain: 8 (>= 0.2 mm)  3 (>= 2.0 mm)  1 (>= 20.0 mm)
Heat Base: 18.3  Cool Base: 18.3  Method: Integration