NOAA Climate Reports

Select a Year or Month report
2018 > Jan Feb Mar Apr May Jun Jul Aug Sep Oct Nov Dec
2017 > Jan Feb Mar Apr May Jun Jul Aug Sep Oct Nov Dec
2016 > Jan Feb Mar Apr May Jun Jul Aug Sep Oct Nov Dec
2015 > Jan Feb Mar Apr May Jun Jul Aug Sep Oct Nov Dec

Report for 2016
                   Annual Climatological Summary for 2016

Name: Iwanui   City: Waitara, Taranaki.   State: New Zealand
Elevation: 19 m  Lat: S 39 00' 49"   Lon: E 174 25' 46"

                  Temperature (C), Heat Base: 18.3  Cool Base: 18.3
                          Dep.  Heat  Cool                       Max  Max  Min  Min
        Mean  Mean        From  Deg   Deg                        >=   <=   <=   <=
 YR MO  Max   Min   Mean  Norm  Days  Days  Hi  Date  Low  Date 27.0  0.0  0.0 -18.0
------------------------------------------------------------------------------------
 16  1  25.3  14.9  20.1   0.0    23    78  31.8  31   8.6   11    7    0    0    0
 16  2  27.6  16.5  21.8   0.0    10   112  32.5   7  12.4   24   16    0    0    0
 16  3  25.8  14.0  19.5   0.0    38    75  29.5   2   7.8   13    7    0    0    0
 16  4  24.0  10.8  16.6   0.0    87    37  26.4  17   6.9   15    0    0    0    0
 16  5  20.6  11.5  15.7   0.0    90    10  24.0   8   3.8   23    0    0    0    0
 16  6  17.6   8.1  12.4   0.0   176     0  21.1  19   1.4    3    0    0    0    0
 16  7  17.0   5.9  10.9   0.0   229     0  23.8  23  -0.3    2    0    0    1    0
 16  8  17.3   5.9  10.7   0.0   235     0  23.8  24   0.8    8    0    0    0    0
 16  9  18.0  10.5  13.5   0.0   147     3  23.9  27   3.3   12    0    0    0    0
 16 10  20.1   9.9  14.9   0.0   112     5  23.8  18   4.5   31    0    0    0    0
 16 11  20.3  10.9  15.5   0.0    96     9  24.6   8   3.7    1    0    0    0    0
 16 12  22.5  11.3  16.8   0.0    73    27  25.1   5   7.2   13    0    0    0    0
------------------------------------------------------------------------------------
        21.3  10.8  15.7   0.0  1322   362  32.5 Feb  -0.3  Jul   30    0    1    0

                                Precipitation (mm)

              Dep.   Max        Days of Rain
              From   Obs.           >=
 YR MO Total  Norm   Day Date  0.2  2.0 20.0
---------------------------------------------
 16  1  60.1   0.0  39.1   8     8    3    1
 16  2  90.9   0.0  21.9  18    14    9    2
 16  3  59.4   0.0  22.5  17    14    6    1
 16  4  37.2   0.0  19.5   2    11    6    0
 16  5 164.4   0.0  36.9  28    22   18    2
 16  6 114.6   0.0  19.8  23    16    9    0
 16  7 131.4   0.0  19.2  23    23   14    0
 16  8 101.4   0.0  16.5  25    16    9    0
 16  9 133.5   0.0  15.0   4    20   17    0
 16 10  97.5   0.0  18.9  25    19   13    0
 16 11 129.0   0.0  16.8   2    22   13    0
 16 12  65.7   0.0  12.9  22    15    8    0
---------------------------------------------
      1185.1   0.0  39.1  Jan  200  125    6

                                Wind Speed (km/h)
                          Dom
 YR MO   Avg.  Hi   Date  Dir
------------------------------
 16  1   7.4  51.5    8    NW
 16  2   6.6  64.8   18   NNW
 16  3   6.7  67.3   24    NW
 16  4   5.3  46.4   18    NW
 16  5   8.0  56.2   18    NW
 16  6   7.0  52.6   26   NNW
 16  7   9.1  69.8   29    NW
 16  8   6.6  61.2    6   WNW
 16  9   7.6  61.2    7   NNW
 16 10   8.6  54.0    9     N
 16 11   9.8  64.8   14   NNW
 16 12   7.8  51.5   11   NNW
------------------------------
         7.6  69.8  Jul   NNW