NOAA Climate Reports

Select a Year or Month report
2018 > Jan Feb Mar Apr May Jun Jul Aug Sep Oct Nov Dec
2017 > Jan Feb Mar Apr May Jun Jul Aug Sep Oct Nov Dec
2016 > Jan Feb Mar Apr May Jun Jul Aug Sep Oct Nov Dec
2015 > Jan Feb Mar Apr May Jun Jul Aug Sep Oct Nov Dec

Report for 2015 Dec
                   Monthly Climatological Summary for Dec 2015

Name: Iwanui   City: Waitara, Taranaki.   State: New Zealand
Elevation: 19 m  Lat: S 39 00' 49"   Lon: E 174 25' 46"

                  Temperature (C), Rain (mm), Wind Speed (km/h)

                                      Heat  Cool        Avg
    Mean                              Deg   Deg         Wind                 Dom
Day Temp  High   Time   Low    Time   Days  Days  Rain  Speed High   Time    Dir
----------------------------------------------------------------------------------
 1  19.4  23.0   13:17  16.7   06:02   0.4   1.6   2.4   8.3  23.4   01:49    NE
 2  19.4  23.5   15:41  14.4   22:49   0.6   1.7   0.0   5.4  19.4   13:02     N
 3  18.5  22.3   16:19  15.9   00:16   0.6   0.8   0.0   8.7  31.7   08:15     N
 4  17.8  21.7   14:43  13.8   22:33   1.1   0.7   1.8  10.1  35.6   17:42    NW
 5  16.8  21.0   13:20  14.2   02:38   2.0   0.5   0.0  12.5  37.8   11:27     W
 6  17.0  21.9   15:17  14.2   00:00   1.8   0.5   0.0  11.1  35.6   10:24   WNW
 7  15.8  20.4   17:14  12.3   04:29   2.6   0.1   0.0  11.0  39.2   16:03     W
 8  15.7  21.5   13:24  11.7   02:11   2.9   0.3   0.0  12.6  45.4   12:07     W
 9  16.2  24.1   14:58   6.6   05:59   3.5   1.4   0.0   5.7  33.1   16:29    NW
10  15.9  20.9   15:15   9.0   01:31   2.6   0.3   2.4   9.3  36.7   14:31   WNW
11  18.1  22.7   16:15  14.8   06:54   1.2   1.0   4.5   8.0  29.5   10:35    NW
12  17.8  21.9   14:44  16.2   01:49   0.7   0.2  12.3  10.2  33.1   16:23     N
13  17.3  21.3   16:15   9.7   23:53   1.6   0.5   1.8  12.8  43.9   14:55   WNW
14  15.7  21.3   12:25   9.8   00:00   3.1   0.5   0.0  11.8  42.8   15:14     W
15  16.5  21.6   16:13  10.6   04:36   2.5   0.7   0.0  11.9  43.9   15:44   WNW
16  16.4  22.2   11:46  11.8   23:59   2.4   0.5   5.7   9.4  35.6   17:05     W
17  13.5  22.5   13:11   8.9   04:58   5.1   0.3  17.1   4.5  23.4   08:22   WSW
18  15.0  22.1   17:11   9.3   04:34   3.9   0.7   0.3   6.8  35.6   17:46   SSW
19  17.1  25.5   13:17   6.6   04:49   3.5   2.3   0.0   5.2  35.6   17:00    SW
20  17.7  23.1   11:07  11.3   05:27   2.1   1.5   0.0   9.6  39.2   17:15   WNW
21  17.9  22.4   16:09  11.4   05:02   1.8   1.4   0.0   9.5  40.3   17:35   WNW
22  17.8  22.7   12:57  14.7   23:58   1.2   0.7   0.0   8.0  34.2   13:00   WNW
23  18.5  26.6   14:51  11.9   04:58   2.0   2.2   0.0   7.1  35.6   08:29     S
24  17.2  22.5   14:16  13.6   23:51   1.8   0.7   3.3   6.0  22.0   08:21    NE
25  17.9  23.8   17:53  13.0   06:20   2.0   1.6   0.6   4.5  20.9   11:16    NW
26  19.7  25.9   17:14  13.6   04:20   1.5   2.9   0.0   5.4  19.4   18:38   NNW
27  21.1  31.1   17:06  11.8   03:49   1.5   4.3   0.0   6.6  30.6   18:09   WSW
28  19.8  30.1   18:46  12.9   06:05   1.6   3.1   0.0   5.3  24.5   15:55   WNW
29  19.3  29.3   17:27  10.3   04:50   2.3   3.4   0.0   4.6  24.5   19:10   SSW
30  17.4  25.4   09:35   7.5   03:11   2.7   1.7   0.3   4.2  19.4   14:10    NE
31  22.5  31.1   14:46  15.2   05:02   0.5   4.7   0.0   5.1  25.6   07:12   SSW
----------------------------------------------------------------------------------
    17.6  31.1    27     6.6     9    63.1  42.8  52.5   8.1  45.4     8     WNW

Max >=  27.0:  4
Max <=   0.0:  0
Min <=   0.0:  0
Min <= -18.0:  0
Max Rain: 17.1 on day 17
Days of Rain: 12 (>= 0.2 mm)  7 (>= 2.0 mm)  0 (>= 20.0 mm)
Heat Base: 18.3  Cool Base: 18.3  Method: Integration