NOAA Climate Reports

Select a Year or Month report
2018 > Jan Feb Mar Apr May Jun Jul Aug Sep Oct Nov Dec
2017 > Jan Feb Mar Apr May Jun Jul Aug Sep Oct Nov Dec
2016 > Jan Feb Mar Apr May Jun Jul Aug Sep Oct Nov Dec
2015 > Jan Feb Mar Apr May Jun Jul Aug Sep Oct Nov Dec

Report for 2015 Nov
                   Monthly Climatological Summary for Nov 2015

Name: Iwanui   City: Waitara, Taranaki.   State: New Zealand
Elevation: 19 m  Lat: S 39 00' 49"   Lon: E 174 25' 46"

                  Temperature (C), Rain (mm), Wind Speed (km/h)

                                      Heat  Cool        Avg
    Mean                              Deg   Deg         Wind                 Dom
Day Temp  High   Time   Low    Time   Days  Days  Rain  Speed High   Time    Dir
----------------------------------------------------------------------------------
 1  16.7  19.3   13:08  13.2   23:50   2.0   0.3   0.0  10.5  25.6   00:00     W
 2  14.2  18.8   12:57  11.1   06:04   4.1   0.0   0.0   6.8  25.6   13:52   WNW
 3  14.6  18.3   12:49  12.4   06:34   3.7   0.0   5.7   9.9  29.5   15:49   NNW
 4  12.5  17.9   12:16   8.3   23:15   5.8   0.0  12.6  10.1  57.6   18:58     N
 5  12.7  20.2   17:19   6.7   03:48   5.8   0.1   0.0  11.1  43.9   10:15   SSE
 6  14.8  26.7   16:43   4.4   06:11   4.8   1.3   0.0   6.4  20.9   08:18   SSW
 7  14.5  21.4   15:32   6.7   05:59   4.2   0.4   0.0   5.6  29.5   16:47   WNW
 8  13.4  20.1   15:03   6.4   05:40   5.0   0.1   0.0   3.6  25.6   15:08    NW
 9  16.3  21.5   15:48  11.6   00:00   2.4   0.4   0.3   4.4  19.4   16:48   NNE
10  16.3  20.3   10:56  13.3   22:43   2.2   0.2   0.3   5.7  23.4   12:36   WNW
11  15.6  19.6   15:27  12.9   02:17   2.8   0.1   0.9   8.4  36.7   15:04   WNW
12  14.3  20.7   14:04   8.2   23:48   4.2   0.2   0.0  10.5  49.0   15:57   WSW
13  12.9  20.3   16:36   6.1   03:04   5.6   0.2   0.0   7.6  33.1   16:16   SSE
14  13.2  18.8   10:50   4.9   06:04   5.2   0.0   0.0  10.4  29.5   13:22   NNW
15  14.8  16.2   12:33  14.2   05:52   3.5   0.0  22.2  25.3  31.7   14:29    NW
16  15.2  22.6   16:43   9.4   23:58   3.5   0.4   6.0   5.7  29.5   15:29   ENE
17  14.4  21.2   17:52   6.5   04:36   4.3   0.4   0.0  12.2  50.0   22:51     W
18  15.8  22.8   16:42  10.7   23:31   3.2   0.7   0.0   9.5  33.1   00:24     W
19  13.8  20.1   12:00   8.1   04:54   4.6   0.2   0.0   9.3  29.5   22:55   NNE
20  15.0  19.1   12:19  13.9   08:34   3.3   0.0  18.3  12.6  36.7   17:27   NNW
21  13.9  15.1   00:00  12.9   13:23   4.4   0.0  19.5   7.3  29.5   01:44    NW
22  16.0  20.3   15:52  12.0   22:27   2.6   0.3   0.3  12.9  46.4   14:01   WNW
23  15.3  20.3   16:41   7.4   06:17   3.4   0.4   0.0   7.6  31.7   01:00   WNW
24  15.3  21.5   15:12   6.4   04:29   3.8   0.8   0.0   5.6  25.6   13:47   NNW
25  17.0  21.9   15:47  11.4   04:13   2.3   1.0   0.0   5.1  22.0   11:06     N
26  18.9  23.5   11:07  16.5   01:22   0.6   1.2   0.0   7.0  22.0   16:52     N
27  17.8  20.4   11:23  16.6   05:46   0.7   0.2   0.9  11.9  33.1   14:23     N
28  17.6  21.2   15:19  12.0   23:59   1.2   0.5   2.1  11.8  36.7   17:48    NW
29  16.2  23.4   17:27   6.6   04:44   3.7   1.6   0.0   5.3  27.0   15:33     W
30  18.0  24.0   11:51  10.7   05:51   1.9   1.6   2.1   3.4  15.8   01:28   NNE
----------------------------------------------------------------------------------
    15.2  26.7     6     4.4     6   104.8  12.6  91.2   8.8  57.6     4      NW

Max >=  27.0:  0
Max <=   0.0:  0
Min <=   0.0:  0
Min <= -18.0:  0
Max Rain: 22.2 on day 15
Days of Rain: 13 (>= 0.2 mm)  8 (>= 2.0 mm)  1 (>= 20.0 mm)
Heat Base: 18.3  Cool Base: 18.3  Method: Integration