NOAA Climate Reports

Select a Year or Month report
2018 > Jan Feb Mar Apr May Jun Jul Aug Sep Oct Nov Dec
2017 > Jan Feb Mar Apr May Jun Jul Aug Sep Oct Nov Dec
2016 > Jan Feb Mar Apr May Jun Jul Aug Sep Oct Nov Dec
2015 > Jan Feb Mar Apr May Jun Jul Aug Sep Oct Nov Dec

Report for 2015 Oct
                   Monthly Climatological Summary for Oct 2015

Name: Iwanui   City: Waitara, Taranaki.   State: New Zealand
Elevation: 19 m  Lat: S 39 00' 49"   Lon: E 174 25' 46"

                  Temperature (C), Rain (mm), Wind Speed (km/h)

                                      Heat  Cool        Avg
    Mean                              Deg   Deg         Wind                 Dom
Day Temp  High   Time   Low    Time   Days  Days  Rain  Speed High   Time    Dir
----------------------------------------------------------------------------------
 1  13.0  15.2   16:15   8.1   03:12   5.3   0.0  32.4   9.7  36.7   13:05     N
 2  14.1  18.4   10:36  11.6   22:53   4.2   0.0   6.0   9.8  28.1   22:40    NW
 3  14.4  21.2   15:36   9.4   21:38   4.3   0.4   1.8   7.0  39.2   10:55     W
 4  14.0  16.7   15:09  10.4   00:09   4.3   0.0   0.0  10.0  31.7   03:06    NW
 5  15.3  23.4   18:04   6.8   23:47   3.7   0.6   0.0   9.7  42.8   11:30     W
 6  12.0  18.4   16:16   4.3   06:47   6.3   0.0   0.0   9.1  45.4   15:53   WNW
 7  14.4  19.8   11:54   8.5   02:06   4.0   0.1   0.0   5.6  25.6   23:59    NW
 8  14.2  19.6   16:12   8.0   23:21   4.2   0.1   2.1  12.6  51.5   11:09     W
 9  12.0  19.1   09:39   4.6   04:23   6.3   0.0   0.0   6.5  29.5   16:18   WNW
10  12.5  17.4   12:01   6.6   06:05   5.8   0.0   0.0   9.0  42.8   15:51   WNW
11  12.9  20.1   14:04   5.2   05:08   5.5   0.1   0.0  10.6  43.9   17:31     W
12  15.2  19.7   14:35  13.3   00:52   3.2   0.1   0.3  12.0  37.8   11:58   WNW
13  15.0  19.2   12:24  13.8   23:29   3.3   0.0   6.9   8.7  29.5   08:26    NW
14  14.5  22.7   11:34   7.1   06:52   4.2   0.4   1.2   4.5  25.6   14:10     W
15  13.0  20.6   10:47   5.7   05:29   5.4   0.1   0.0   6.3  42.8   13:30   WNW
16  13.4  18.0   14:36   7.0   05:12   4.9   0.0   0.0  11.0  42.8   14:55   WNW
17  14.8  18.7   14:47  12.7   01:44   3.5   0.0   0.3  12.4  39.2   15:29   WNW
18  13.9  17.4   10:26  11.3   23:22   4.4   0.0   5.4   9.5  33.1   15:09    NW
19  13.2  17.6   15:53  10.4   06:48   5.1   0.0   1.5  13.8  49.0   12:13     W
20  14.0  19.5   12:41   9.3   04:48   4.4   0.0   0.0  12.2  45.4   11:19     W
21  14.4  19.3   15:25  10.8   02:05   3.9   0.0   0.3  10.2  34.2   10:40   WNW
22  14.8  15.7   09:38  14.0   01:34   3.5   0.0   4.8  10.3  36.7   03:15    NW
23  14.7  14.7   00:00  14.7   00:00   3.6   0.0   2.1   9.8  29.5   11:56     N
24  14.7  14.7   00:00  14.7   00:00   3.6   0.0   0.0   8.2  23.4   15:49   WNW
25  14.7  14.7   00:00  14.7   00:00   3.6   0.0   0.0   6.9  27.0   16:37     W
26  16.1  18.8   15:05  14.7   00:00   2.2   0.0   0.0  13.0  31.7   16:52   WNW
27  18.7  19.7   14:53  18.1   15:19   0.0   0.4   0.3  17.0  31.7   15:58     W
28  19.2  19.2   00:00  19.2   00:00   0.0   0.9   0.0  17.3  25.6   00:00    SW
29  19.2  19.2   00:00  19.2   00:00   0.0   0.9   0.0  17.3  25.6   00:00    SW
30  19.2  19.2   00:00  19.2   00:00   0.0   0.9   0.0  17.3  25.6   00:00    SW
31  19.2  19.2   00:00  19.2   00:00   0.0   0.9   0.0  17.3  25.6   00:00    SW
----------------------------------------------------------------------------------
    14.9  23.4     5     4.3     6   112.7   5.9  65.4  10.8  51.5     8       W

Max >=  27.0:  0
Max <=   0.0:  0
Min <=   0.0:  0
Min <= -18.0:  0
Max Rain: 32.4 on day 1
Days of Rain: 14 (>= 0.2 mm)  7 (>= 2.0 mm)  1 (>= 20.0 mm)
Heat Base: 18.3  Cool Base: 18.3  Method: Integration