NOAA Climate Reports

Select a Year or Month report
2018 > Jan Feb Mar Apr May Jun Jul Aug Sep Oct Nov Dec
2017 > Jan Feb Mar Apr May Jun Jul Aug Sep Oct Nov Dec
2016 > Jan Feb Mar Apr May Jun Jul Aug Sep Oct Nov Dec
2015 > Jan Feb Mar Apr May Jun Jul Aug Sep Oct Nov Dec

Report for 2015 Sep
                   Monthly Climatological Summary for Sep 2015

Name: Iwanui   City: Waitara, Taranaki.   State: New Zealand
Elevation: 19 m  Lat: S 39 00' 49"   Lon: E 174 25' 46"

                  Temperature (C), Rain (mm), Wind Speed (km/h)

                                      Heat  Cool        Avg
    Mean                              Deg   Deg         Wind                 Dom
Day Temp  High   Time   Low    Time   Days  Days  Rain  Speed High   Time    Dir
----------------------------------------------------------------------------------
 2  13.4  15.8   12:35   5.1   01:28   4.9   0.0   4.9  10.7  25.6   19:45     N
 3  11.9  13.0   21:19   8.0   02:31   6.3   0.0   4.8   9.4  36.2   11:11     W
 4  11.5  15.1   13:58  -2.1   01:45   6.9   0.0   0.0   5.1  23.4   09:47   WNW
 5  11.0  16.1   11:39   5.7   03:23   7.2   0.0   0.3   7.7  35.6   16:39     W
 6  11.2  15.7   14:58   7.5   21:25   7.2   0.0   1.8  11.5  47.9   11:24     W
 7  10.6  18.9   15:05   3.8   23:00   7.7   0.0   0.0   3.9  30.6   16:27     W
 8  11.1  16.5   11:39   5.3   00:00   7.2   0.0   0.0   7.1  35.6   15:33     W
 9  11.9  16.7   15:24   6.8   04:53   6.4   0.0   0.3   6.4  25.6   13:52     N
10  11.9  15.0   07:59  10.2   23:58   6.4   0.0  10.5  14.6  50.0   22:21     N
11   9.6  17.0   14:42   5.3   08:05   8.7   0.0  13.8   6.8  50.0   01:37   WSW
12  10.3  17.9   16:16   5.4   02:52   8.0   0.0   0.0   5.9  36.7   10:20   WSW
13  14.0  22.5   16:42   6.2   00:45   4.8   0.5   0.0   7.8  36.7   08:43     W
14  12.7  22.1   15:08   5.9   23:43   6.0   0.4   0.0   5.3  27.0   01:18   WSW
15  13.0  17.9   14:41   6.7   00:00   5.3   0.0   4.2  11.4  39.2   10:05     W
16  13.1  15.2   15:29  11.9   19:40   5.2   0.0   0.0   9.2  33.1   09:32   WNW
17  14.2  16.3   12:28  12.5   02:49   4.1   0.0   0.3   9.7  30.6   23:44     N
18  14.4  19.3   12:55   9.8   23:58   4.0   0.0  21.0   7.1  39.2   01:15    NW
19  11.2  18.3   12:41   6.6   01:32   7.1   0.0   6.3   3.2  28.1   22:38    NW
20  10.0  14.4   15:19   7.2   03:21   8.4   0.0  11.7  14.7  52.6   23:51   ENE
21  10.0  12.9   12:11   8.4   06:31   8.2   0.0   2.4  18.3  57.6   09:38   ESE
22  11.5  18.1   12:39   9.0   00:43   6.8   0.0   1.2   8.8  46.4   03:00   WNW
23  12.3  17.5   11:50   8.2   03:12   6.0   0.0   5.7   3.6  25.6   23:47   NNE
24  13.7  20.1   16:37  11.1   23:56   4.7   0.0   0.0  10.8  45.4   13:13     E
25  13.6  21.4   14:29   8.9   05:53   5.0   0.3   0.0   9.0  31.7   07:16     E
26  12.5  19.7   15:02   7.6   06:18   5.8   0.1   0.0   9.9  36.7   09:13   NNW
27  11.4  18.4   16:22   6.0   06:53   6.6   0.0   0.0   6.3  25.6   00:44    NW
28  11.6  18.1   16:00   4.5   07:06   6.7   0.0   0.0   4.7  23.4   16:06   WNW
29  12.0  20.4   12:34   2.6   06:31   6.4   0.2   0.0   4.1  24.5   16:53   WNW
30  12.1  18.8   16:02   5.0   07:12   6.2   0.0   0.0   3.9  20.9   11:58   NNE
----------------------------------------------------------------------------------
    12.0  22.5    13    -2.1     4   184.2   1.5  89.2   8.8  57.6    21      NW

Max >=  27.0:  0
Max <=   0.0:  0
Min <=   0.0:  1
Min <= -18.0:  0
Max Rain: 21.0 on day 18
Days of Rain: 15 (>= 0.2 mm)  10 (>= 2.0 mm)  1 (>= 20.0 mm)
Heat Base: 18.3  Cool Base: 18.3  Method: Integration