NOAA Climate Reports

Select a Year or Month report
2018 > Jan Feb Mar Apr May Jun Jul Aug Sep Oct Nov Dec
2017 > Jan Feb Mar Apr May Jun Jul Aug Sep Oct Nov Dec
2016 > Jan Feb Mar Apr May Jun Jul Aug Sep Oct Nov Dec
2015 > Jan Feb Mar Apr May Jun Jul Aug Sep Oct Nov Dec

Report for 2018 Sep
                   Monthly Climatological Summary for Sep 2018

Name: Iwanui   City: Waitara, Taranaki.   State: New Zealand
Elevation: 19 m  Lat: S 39 00' 49"   Lon: E 174 25' 46"

                  Temperature (C), Rain (mm), Wind Speed (km/h)

                                      Heat  Cool        Avg
    Mean                              Deg   Deg         Wind                 Dom
Day Temp  High   Time   Low    Time   Days  Days  Rain  Speed High   Time    Dir
----------------------------------------------------------------------------------
 1  11.7  18.9   12:30   2.7   05:55   6.6   0.0   1.5   6.1  25.6   23:25   NNW
 2  13.9  18.3   13:01  11.9   02:54   4.4   0.0   7.8  17.7  49.0   22:50   NNW
 3  12.5  18.5   13:03   8.6   21:30   5.9   0.0   2.4   9.0  40.3   00:03   WSW
 4  10.6  14.4   15:12   7.4   06:43   7.7   0.0   0.9  15.1  52.6   07:06   SSE
 5  10.7  12.8   13:19   9.7   21:26   7.6   0.0   0.0  15.0  49.0   04:41   SSE
 6  10.9  14.0   13:42   8.2   23:56   7.4   0.0   0.0  12.6  43.9   05:05   SSE
 7  10.7  14.3   14:06   8.0   06:30   7.6   0.0   0.0  16.9  64.8   16:44   SSE
 8  11.5  18.0   12:16   6.5   23:58   6.8   0.0   0.0  12.6  54.0   05:54   SSE
 9   9.9  17.5   13:29   3.8   23:56   8.5   0.0   0.0   4.4  29.5   15:29   SSW
10   9.9  19.2   12:21   2.2   02:40   8.4   0.0   0.0   3.1  20.9   22:37   SSE
11  11.6  19.1   14:06   7.3   06:32   6.7   0.0   0.0  10.7  35.6   09:22   SSE
12  12.2  20.0   11:08   6.4   02:29   6.2   0.1   0.0   6.1  28.1   15:49    SW
13  12.6  16.3   15:19   8.9   00:00   5.7   0.0   0.0   7.2  30.6   13:46     W
14  14.1  19.6   15:14   8.6   06:55   4.4   0.1   0.0   6.0  34.2   14:06     W
15  13.5  20.4   13:57   7.5   22:04   5.1   0.3   0.0   2.5  15.8   11:30   WNW
16  12.9  18.0   14:26   6.8   02:23   5.4   0.0   0.0   5.9  30.6   13:35     N
17  15.3  18.6   14:59  13.3   02:18   3.0   0.0   6.6  11.9  34.2   10:57     N
18  14.1  19.5   11:42  10.9   06:58   4.2   0.1   2.4   7.6  33.1   18:23   SSE
19  16.8  25.4   13:06  11.1   00:57   2.8   1.3   0.0   5.1  19.4   21:24   SSE
20  16.4  24.4   10:37   7.9   23:54   3.4   1.5   0.0   4.1  28.1   14:43   WSW
21  12.6  19.1   14:14   7.3   00:48   5.7   0.0   2.1   4.0  35.6   23:34   WNW
22  13.7  20.0   14:17   9.6   23:53   4.8   0.1   0.0  12.6  37.8   06:02   SSE
23  13.5  20.0   10:26   5.7   06:36   5.0   0.1   0.0   7.5  28.1   13:08   WSW
----------------------------------------------------------------------------------
    12.7  25.4    19     2.2    10   133.3   3.6  23.7   8.9  64.8     7       S

Max >=  27.0:  0
Max <=   0.0:  0
Min <=   0.0:  0
Min <= -18.0:  0
Max Rain: 7.8 on day 2
Days of Rain: 7 (>= 0.2 mm)  5 (>= 2.0 mm)  0 (>= 20.0 mm)
Heat Base: 18.3  Cool Base: 18.3  Method: Integration