NOAA Climate Reports

Select a Year or Month report
2018 > Jan Feb Mar Apr May Jun Jul Aug Sep Oct Nov Dec
2017 > Jan Feb Mar Apr May Jun Jul Aug Sep Oct Nov Dec
2016 > Jan Feb Mar Apr May Jun Jul Aug Sep Oct Nov Dec
2015 > Jan Feb Mar Apr May Jun Jul Aug Sep Oct Nov Dec

Report for 2018 Apr
                   Monthly Climatological Summary for Apr 2018

Name: Iwanui   City: Waitara, Taranaki.   State: New Zealand
Elevation: 19 m  Lat: S 39 00' 49"   Lon: E 174 25' 46"

                  Temperature (C), Rain (mm), Wind Speed (km/h)

                                      Heat  Cool        Avg
    Mean                              Deg   Deg         Wind                 Dom
Day Temp  High   Time   Low    Time   Days  Days  Rain  Speed High   Time    Dir
----------------------------------------------------------------------------------
 1  17.1  25.7   11:36   9.8   06:32   2.7   1.5   0.0   4.4  29.5   01:11   WSW
 2  17.4  23.7   12:47  12.1   23:38   2.0   1.1   0.0   3.5  25.6   16:00     W
 3  18.8  24.0   13:17  12.0   00:39   1.1   1.7   0.0   6.3  30.6   15:19   WNW
 4  18.9  24.4   11:11  15.2   00:52   1.1   1.8   0.3   6.9  34.2   15:14     W
 5  18.5  25.8   10:51  11.7   06:33   1.8   2.0   0.0   4.7  23.4   15:37     W
 6  17.3  24.5   13:24  12.3   02:44   2.5   1.5   0.0   3.0  20.9   15:36     W
 7  17.6  24.4   13:23  12.8   00:52   2.2   1.5   0.6   6.3  35.6   11:32   WSW
 8  15.9  22.9   10:58  10.3   07:03   3.6   1.1   0.0   4.9  29.5   14:40     W
 9  18.1  23.1   10:08  10.7   00:39   1.4   1.1   2.7   8.2  49.0   23:32   WNW
10  16.6  22.2   11:03   7.5   21:56   2.4   0.7  16.5  19.9  63.7   20:25   WNW
11   9.1  14.7   14:14   6.5   05:07   9.2   0.0   5.7   9.7  58.7   00:11   SSE
12  12.3  17.7   08:40   4.8   05:48   6.0   0.0   7.8   7.3  40.3   21:52     W
13  14.1  18.8   10:45  12.1   22:31   4.2   0.0   2.1   7.6  46.4   00:13    SW
14  15.5  21.4   16:02  11.7   04:03   3.3   0.5   0.9   4.5  18.4   18:40    SE
15  16.1  19.2   15:01  11.6   02:57   2.3   0.0   0.0   7.8  35.6   22:53   NNE
16  18.0  22.6   12:15  12.5   21:04   1.2   0.9  16.8  10.5  41.8   06:59    NW
17  17.6  22.4   10:13  12.0   01:01   1.5   0.8   2.7   7.8  35.6   15:05    NW
18  14.3  18.2   14:01   8.9   21:48   4.0   0.0   6.6   9.2  43.9   10:10   WSW
19  15.7  21.1   13:40   9.8   06:21   3.0   0.4   0.6   8.1  34.2   13:17   WSW
20  16.6  20.9   11:09  13.3   01:37   1.9   0.3   1.8  10.0  40.3   11:10     W
21  17.7  21.5   12:49  15.7   22:48   1.0   0.4   0.3  12.2  40.3   13:06     W
22  15.6  23.7   14:31   8.2   22:12   3.4   0.7   0.3   6.3  39.2   01:00    SW
----------------------------------------------------------------------------------
    16.3  25.8     5     4.8    12    61.8  18.0  65.7   7.7  63.7    10       W

Max >=  27.0:  0
Max <=   0.0:  0
Min <=   0.0:  0
Min <= -18.0:  0
Max Rain: 16.8 on day 16
Days of Rain: 15 (>= 0.2 mm)  8 (>= 2.0 mm)  0 (>= 20.0 mm)
Heat Base: 18.3  Cool Base: 18.3  Method: Integration