NOAA Climate Reports

Select a Year or Month report
2018 > Jan Feb Mar Apr May Jun Jul Aug Sep Oct Nov Dec
2017 > Jan Feb Mar Apr May Jun Jul Aug Sep Oct Nov Dec
2016 > Jan Feb Mar Apr May Jun Jul Aug Sep Oct Nov Dec
2015 > Jan Feb Mar Apr May Jun Jul Aug Sep Oct Nov Dec

Report for 2018 Nov
                   Monthly Climatological Summary for Nov 2018

Name: Iwanui   City: Waitara, Taranaki.   State: New Zealand
Elevation: 19 m  Lat: S 39 00' 49"   Lon: E 174 25' 46"

                  Temperature (C), Rain (mm), Wind Speed (km/h)

                                      Heat  Cool        Avg
    Mean                              Deg   Deg         Wind                 Dom
Day Temp  High   Time   Low    Time   Days  Days  Rain  Speed High   Time    Dir
----------------------------------------------------------------------------------
 1  12.9  17.6   08:26   7.5   23:29   5.4   0.0   4.5  12.0  66.2   14:59   SSW
 2  13.2  20.3   10:35   4.8   06:35   5.1   0.0   0.0   8.2  39.2   15:32   WSW
 3  14.2  16.4   21:02  12.7   01:34   4.1   0.0   9.9  10.7  33.1   20:15    NW
 4  15.3  18.8   11:38  11.8   22:18   3.0   0.0   1.5  13.8  46.4   12:13     W
 5  15.0  18.9   14:58  10.6   23:57   3.3   0.0   0.0  14.1  47.9   11:50     W
 6  15.4  20.4   09:05   7.5   05:15   3.5   0.5   0.0   5.0  23.4   14:38   WNW
 7  16.0  19.2   11:45  12.6   06:40   2.3   0.0   0.6   6.1  24.5   22:00   NNE
 8  16.7  18.5   16:01  15.6   00:56   1.6   0.0   6.3   8.8  27.0   22:08   NNW
 9  15.4  18.1   12:22  10.0   23:40   2.9   0.0  11.7  10.3  35.6   16:14   NNW
10  14.5  22.2   13:52   6.2   06:02   4.5   0.7   0.3   5.5  31.7   17:00   SSE
11  16.4  21.9   14:28  10.0   02:41   2.8   1.0   0.0   4.6  19.4   00:08   WSW
12  16.4  21.9   10:51   9.8   23:57   2.8   0.9   0.6   4.2  20.9   15:19     W
13  16.0  22.2   19:08   7.9   03:14   3.2   1.0   0.0   4.8  28.1   16:04     W
14  19.1  25.2   16:21  11.3   06:05   1.7   2.5   0.0   4.3  20.9   14:30   WNW
15  18.2  22.4   15:23  12.6   23:56   1.3   1.2   1.2   4.7  20.9   16:51    NW
16  16.5  22.8   08:30   9.3   05:39   3.2   1.4   0.0   4.0  23.4   12:37    NW
17  16.4  22.9   14:44   8.6   04:33   3.2   1.2   0.0   4.7  20.9   13:20    NW
18  16.8  20.5   17:15  10.6   23:59   1.7   0.2   3.6   7.4  28.1   16:24   WNW
19  12.8  17.9   15:09   6.1   23:52   5.5   0.0   0.0   5.6  34.2   14:05     W
----------------------------------------------------------------------------------
    15.6  25.2    14     4.8     2    61.1  10.6  40.2   7.3  66.2     1     WNW

Max >=  27.0:  0
Max <=   0.0:  0
Min <=   0.0:  0
Min <= -18.0:  0
Max Rain: 11.7 on day 9
Days of Rain: 10 (>= 0.2 mm)  5 (>= 2.0 mm)  0 (>= 20.0 mm)
Heat Base: 18.3  Cool Base: 18.3  Method: Integration